{"id":7138,"date":"2020-08-21T16:05:35","date_gmt":"2020-08-21T16:05:35","guid":{"rendered":"http:\/\/ggs-sunderplatz.de\/?page_id=7138"},"modified":"2026-03-27T13:20:57","modified_gmt":"2026-03-27T13:20:57","slug":"katholische-schulgottesdienste","status":"publish","type":"page","link":"http:\/\/ggs-sunderplatz.de\/?page_id=7138","title":{"rendered":"Katholische Schulgottesdienste"},"content":{"rendered":"\n<figure class=\"wp-block-image size-full is-resized\"><a href=\"https:\/\/ggs-sunderplatz.de\/wp-content\/uploads\/2025\/09\/Bildschirmfoto-2025-09-17-um-13.29.06.png\"><img loading=\"lazy\" decoding=\"async\" width=\"650\" height=\"426\" src=\"https:\/\/ggs-sunderplatz.de\/wp-content\/uploads\/2025\/09\/Bildschirmfoto-2025-09-17-um-13.29.06.png\" alt=\"\" class=\"wp-image-9967\" style=\"width:459px;height:auto\" srcset=\"http:\/\/ggs-sunderplatz.de\/wp-content\/uploads\/2025\/09\/Bildschirmfoto-2025-09-17-um-13.29.06.png 650w, http:\/\/ggs-sunderplatz.de\/wp-content\/uploads\/2025\/09\/Bildschirmfoto-2025-09-17-um-13.29.06-300x197.png 300w\" sizes=\"auto, (max-width: 650px) 100vw, 650px\" \/><\/a><\/figure>\n\n\n\n<p>Liebe Eltern, <\/p>\n\n\n\n<p>auch in diesem Schuljahr finden f\u00fcr die Dritt- und Viertkl\u00e4ssler regelm\u00e4\u00dfig <strong>Schulgottesdienste im Rahmen des Kath. Religionsunterrichtes<\/strong> statt. Sie werden von der Gemeindereferentin Frau Svenja Noellen und Herrn Rolf Ball in der Kirch St. Theresia \/ Kleiststra\u00dfe angeboten.<\/p>\n\n\n\n<p>An jedem <strong>1. Mittwoch im Monat<\/strong> findet sie statt. An diesen Tagen treffen wir uns um <strong>7.50 Uhr<\/strong> <strong>am Aufzug<\/strong> unserer Schule, um gemeinsam zur Kirche zu gehen. Der Gottesdienst dauert ca. <strong>40 Minuten<\/strong>, anschlie\u00dfend haben die Kinder <strong>Unterricht nach Stundenplan<\/strong>. In Absprache mit der Kirche wurden folgende Termine festgelegt:  <\/p>\n\n\n\n<p>* Mi, 06. Mai 2026<\/p>\n\n\n\n<p>* Mi, 03. Juni 2026<\/p>\n\n\n\n<p>* Mi, 01. Juli 2026<\/p>\n\n\n\n<p>* Fr, 17. Juli 2026, 10.00 Uhr (\u00f6kumenischer Abschlussgottesdienst) St. Theresia<\/p>\n\n\n\n<p>Sollten sich Termine \u00e4ndern, werden wir Sie benachrichtigen.<\/p>\n\n\n\n<p>Herzliche Gr\u00fc\u00dfe<\/p>\n\n\n\n<p>T. Radermacher und Ch. Schmitz<\/p>\n","protected":false},"excerpt":{"rendered":"<p>Liebe Eltern, auch in diesem Schuljahr finden f\u00fcr die Dritt- und Viertkl\u00e4ssler regelm\u00e4\u00dfig Schulgottesdienste im Rahmen des Kath. Religionsunterrichtes statt. Sie werden von der Gemeindereferentin Frau Svenja Noellen und Herrn Rolf Ball in der Kirch St. Theresia \/ Kleiststra\u00dfe angeboten. An jedem 1. Mittwoch im Monat findet sie statt. An diesen Tagen treffen wir uns [&hellip;]<\/p>\n","protected":false},"author":1,"featured_media":0,"parent":20,"menu_order":2,"comment_status":"closed","ping_status":"closed","template":"","meta":{"footnotes":""},"class_list":["post-7138","page","type-page","status-publish","hentry"],"_links":{"self":[{"href":"http:\/\/ggs-sunderplatz.de\/index.php?rest_route=\/wp\/v2\/pages\/7138","targetHints":{"allow":["GET"]}}],"collection":[{"href":"http:\/\/ggs-sunderplatz.de\/index.php?rest_route=\/wp\/v2\/pages"}],"about":[{"href":"http:\/\/ggs-sunderplatz.de\/index.php?rest_route=\/wp\/v2\/types\/page"}],"author":[{"embeddable":true,"href":"http:\/\/ggs-sunderplatz.de\/index.php?rest_route=\/wp\/v2\/users\/1"}],"replies":[{"embeddable":true,"href":"http:\/\/ggs-sunderplatz.de\/index.php?rest_route=%2Fwp%2Fv2%2Fcomments&post=7138"}],"version-history":[{"count":92,"href":"http:\/\/ggs-sunderplatz.de\/index.php?rest_route=\/wp\/v2\/pages\/7138\/revisions"}],"predecessor-version":[{"id":10016,"href":"http:\/\/ggs-sunderplatz.de\/index.php?rest_route=\/wp\/v2\/pages\/7138\/revisions\/10016"}],"up":[{"embeddable":true,"href":"http:\/\/ggs-sunderplatz.de\/index.php?rest_route=\/wp\/v2\/pages\/20"}],"wp:attachment":[{"href":"http:\/\/ggs-sunderplatz.de\/index.php?rest_route=%2Fwp%2Fv2%2Fmedia&parent=7138"}],"curies":[{"name":"wp","href":"https:\/\/api.w.org\/{rel}","templated":true}]}}

<figure class="wp-block-image size-full is-resized"><a href="https://ggs-sunderplatz.de/wp-content/uploads/2025/09/Bildschirmfoto-2025-09-17-um-13.29.06.png"><img loading="lazy" decoding="async" width="650" height="426" src="https://ggs-sunderplatz.de/wp-content/uploads/2025/09/Bildschirmfoto-2025-09-17-um-13.29.06.png" alt="" class="wp-image-9967" style="width:459px;height:auto" srcset="http://ggs-sunderplatz.de/wp-content/uploads/2025/09/Bildschirmfoto-2025-09-17-um-13.29.06.png 650w, http://ggs-sunderplatz.de/wp-content/uploads/2025/09/Bildschirmfoto-2025-09-17-um-13.29.06-300x197.png 300w" sizes="auto, (max-width: 650px) 100vw, 650px" /></a></figure>



<p>Liebe Eltern, </p>



<p>auch in diesem Schuljahr finden für die Dritt- und Viertklässler regelmäßig <strong>Schulgottesdienste im Rahmen des Kath. Religionsunterrichtes</strong> statt. Sie werden von der Gemeindereferentin Frau Svenja Noellen und Herrn Rolf Ball in der Kirch St. Theresia / Kleiststraße angeboten.</p>



<p>An jedem <strong>1. Mittwoch im Monat</strong> findet sie statt. An diesen Tagen treffen wir uns um <strong>7.50 Uhr</strong> <strong>am Aufzug</strong> unserer Schule, um gemeinsam zur Kirche zu gehen. Der Gottesdienst dauert ca. <strong>40 Minuten</strong>, anschließend haben die Kinder <strong>Unterricht nach Stundenplan</strong>. In Absprache mit der Kirche wurden folgende Termine festgelegt:  </p>



<p>* Mi, 06. Mai 2026</p>



<p>* Mi, 03. Juni 2026</p>



<p>* Mi, 01. Juli 2026</p>



<p>* Fr, 17. Juli 2026, 10.00 Uhr (ökumenischer Abschlussgottesdienst) St. Theresia</p>



<p>Sollten sich Termine ändern, werden wir Sie benachrichtigen.</p>



<p>Herzliche Grüße</p>



<p>T. Radermacher und Ch. Schmitz</p>

<p>Liebe Eltern, auch in diesem Schuljahr finden für die Dritt- und Viertklässler regelmäßig Schulgottesdienste im Rahmen des Kath. Religionsunterrichtes statt. Sie werden von der Gemeindereferentin Frau Svenja Noellen und Herrn Rolf Ball in der Kirch St. Theresia / Kleiststraße angeboten. An jedem 1. Mittwoch im Monat findet sie statt. An diesen Tagen treffen wir uns [&hellip;]</p>
