{"id":48,"date":"2013-11-08T20:19:52","date_gmt":"2013-11-08T20:19:52","guid":{"rendered":"http:\/\/ggs-sunderplatz.de\/?page_id=48"},"modified":"2019-09-07T13:04:19","modified_gmt":"2019-09-07T13:04:19","slug":"projekte","status":"publish","type":"page","link":"http:\/\/ggs-sunderplatz.de\/?page_id=48","title":{"rendered":"Projekte"},"content":{"rendered":"<p><span style=\"color: #33cccc; font-size: x-large;\"><b><span style=\"text-decoration: underline;\">Lesende Schule<\/span><\/b><\/span><\/p>\n<p><span style=\"color: #33cccc; font-size: large;\">Am 17. Juni 2009 wurde auf dem Schulhof erstmalig eine Lesestunde abgehalten. Hieran haben sich eine Reihe von M\u00fcttern und V\u00e4tern beteiligt, um die Kinder an das &#8222;genie\u00dfende Lesen&#8220; heranzuf\u00fchren.<\/span><\/p>\n<p><span style=\"color: #33cccc; font-size: large;\">Ziel ist es, den Kindern den Wert des Lesens zu vermitteln bzw. \u00fcber eine Vorbildfunktion zum Lesen anzuregen. Dazu setzen sich &#8222;die Leser&#8220;, sofern es die Wetterlage erlaubt, \u00fcber das gesamte Schulgel\u00e4nde verteilt hin und lesen (vor).<\/span><\/p>\n<p><span style=\"color: #33cccc; font-size: large;\">Diese &#8222;Lesetage&#8220; sind fest im <a title=\"Lesende Schule\" href=\"http:\/\/ggs-sunderplatz.de\/?page_id=110\"><span style=\"color: #33cccc;\">Terminplan<\/span><\/a> verankert und werden regelm\u00e4\u00dfig wiederholt. Genauere Angaben dazu finden sich auf der Termin-Seite. Lese-M\u00fctter, Lese-V\u00e4ter oder auch Lese-Omas und Lese-Opas sind uns hierbei sehr willkommen! Gerade im ersten Schuljahr, in dem das selbstst\u00e4ndige genie\u00dfende Lesen lange Zeit eine Herausforderung darstellt, bereichern sie das Lesevergn\u00fcgen sehr.<\/span><span style=\"color: #33cccc;\">\u00a0<\/span><\/p>\n<hr \/>\n<p><span style=\"color: #ff99cc; font-size: x-large; text-decoration: underline;\"><strong>Walking Bus<\/strong><\/span><\/p>\n<p><span style=\"font-size: large;\"><span style=\"color: #ff99cc;\">Zu Fu\u00df zur Schule \u2013 aber bitte sicher! <\/span><span style=\"color: #ff99cc;\">Lesen Sie unter \u201e<a title=\"Aktuelles\" href=\"http:\/\/ggs-sunderplatz.de\/?page_id=135\">Aktuelles<\/a>\u201c, wie es bei uns funktioniert\u2026<\/span><\/span><\/p>\n<p><a href=\"http:\/\/ggs-sunderplatz.de\/wp-content\/uploads\/2013\/11\/walking_bus.jpg\"><img loading=\"lazy\" decoding=\"async\" class=\"size-medium wp-image-72 alignleft\" alt=\"walking_bus\" src=\"http:\/\/ggs-sunderplatz.de\/wp-content\/uploads\/2013\/11\/walking_bus-300x141.jpg\" width=\"300\" height=\"141\" srcset=\"http:\/\/ggs-sunderplatz.de\/wp-content\/uploads\/2013\/11\/walking_bus-300x141.jpg 300w, http:\/\/ggs-sunderplatz.de\/wp-content\/uploads\/2013\/11\/walking_bus.jpg 407w\" sizes=\"auto, (max-width: 300px) 100vw, 300px\" \/><\/a><\/p>\n<p><span style=\"color: #c0c0c0;\"><b><span style=\"text-decoration: underline;\">\u00a0<\/span><\/b><\/span><\/p>\n<p>&nbsp;<\/p>\n<p>&nbsp;<\/p>\n<p>&nbsp;<\/p>\n<hr \/>\n<p><span style=\"color: #ff0000; font-size: x-large;\"><b><span style=\"text-decoration: underline;\">Chor<\/span><\/b><\/span><\/p>\n<p><span style=\"color: #ff0000; font-size: large;\">Im Schuljahr 2009\/10 wurde der Chor unter der Leitung von Fr. Maa\u00df ins Leben gerufen und ist weiterhin fester Bestandteil an unserer Schule.<\/span><\/p>\n<hr \/>\n<p><span style=\"color: #c0c0c0;\">\u00a0<\/span><span style=\"color: #ff9900; font-size: x-large;\"><b><span style=\"text-decoration: underline;\">JeKi<\/span><\/b><\/span><\/p>\n<p><span style=\"color: #ff9900; font-size: large;\">JeKi &#8211; Jedem Kind ein Instrument \u2013 ist ein an unserer Schule fest installiertes Konzept, um alle Kinder musikalisch zu f\u00f6rdern und an Instrumente heranzuf\u00fchren. In Kooperation mit der Musikschule M\u00fclheim finden auf diesem Wege unterschiedliche instrumentale Unterrichtsstunden in unserer Schule statt, die durch qualifizierte Musiklehrer geleitet werden. Auf diese Weise bekommen die Kinder die M\u00f6glichkeit ein Instrument zu lernen, auf das man als Eltern f\u00fcr sein Kind vielleicht gar nicht gekommen w\u00e4re.<\/span><span style=\"color: #c0c0c0;\"><b><span style=\"text-decoration: underline;\">\u00a0<\/span><\/b><\/span><\/p>\n<hr \/>\n<p><span style=\"color: #008080; font-size: x-large;\"><b><span style=\"text-decoration: underline;\">Fl\u00f6ten- und Gitarren-AGs<\/span><\/b><\/span><\/p>\n<p><span style=\"color: #99ccff;\"><span style=\"color: #008080; font-size: large;\">Neben dem Jeki-Unterricht wird zus\u00e4tzlich die M\u00f6glichkeit geboten, das Fl\u00f6ten- und\/ oder Gitarrenspielen in kleinen Gruppen in unserer Schule zu erlernen. Hierbei bereiten sich die Kinder oftmals auch darauf vor, Festlichkeiten des Schullebens (z. B. die Einschulungsfeier der Schulneulinge) musikalisch zu gestalten.<\/span><b><\/b><\/span><\/p>\n<hr \/>\n<p><span style=\"color: #99ccff;\"><b><span style=\"text-decoration: underline;\">\u00a0<\/span><\/b><\/span><span style=\"color: #33cccc; font-size: x-large;\"><b><span style=\"text-decoration: underline;\">Tanz-Projekt<a href=\"http:\/\/ggs-sunderplatz.de\/wp-content\/uploads\/2013\/11\/IMG_0256b.jpg\"><img loading=\"lazy\" decoding=\"async\" class=\"size-medium wp-image-146 alignright\" alt=\"IMG_0256b\" src=\"http:\/\/ggs-sunderplatz.de\/wp-content\/uploads\/2013\/11\/IMG_0256b-300x110.jpg\" width=\"315\" height=\"133\" \/><\/a><\/span><\/b><\/span><\/p>\n<p><span style=\"color: #33cccc; font-size: medium;\">In dieser Tanzgruppe erlernen die Kinder Vielf\u00e4ltiges rund ums Tanzen. Das umfasst das Erlernen von Aufw\u00e4rmtechniken und einer guten Haltung, die Freude an Bewegung zu unterschiedlichen Rhythmen und Melodien, das Nutzen des K\u00f6rpers als Ausdrucksmittel, das Eingehen auf die anderen T\u00e4nzer der Gruppe und das Aufrechterhalten der Konzentration. Dies alles gelingt als Teil des Einstudierens einer umfangreichen Choreographie, die am Ende eines \u00fcbungsreichen Jahres mit Spa\u00df und Erfolg zur Auff\u00fchrung gebracht wird.<\/span><span style=\"color: #c0c0c0;\">\u00a0<\/span><\/p>\n<hr \/>\n<p><span style=\"color: #99cc00; font-size: x-large;\"><b><span style=\"text-decoration: underline;\">Radfahrausbildung<\/span><\/b><\/span><\/p>\n<p><span style=\"color: #99cc00; font-size: large;\">Bereits ab dem zweiten Schuljahr beginnt an unserer Grundschule die Radfahrausbildung. In verschiedenen Trainingsangeboten durch die Jugend-verkehrsschule, den ADAC und die Polizei werden die Kinder an verkehrssicheres Fahren mit dem Fahrrad herangef\u00fchrt und trainiert. Der Terminliste k\u00f6nnen Sie weitere Informationen hierzu entnehmen.<\/span><\/p>\n<p><span style=\"color: #99cc00; font-size: large;\">Wir empfehlen dar\u00fcber hinaus ein erg\u00e4nzendes \u00dcben mit den Eltern oder Gro\u00dfeltern, um das Gelernte zu festigen und den Kindern dadurch Sicherheit beim Fahren in der Verkehrswirklichkeit zu geben.<\/span><\/p>\n<p><span style=\"color: #99cc00; font-size: large;\">Eine \u00dcbersicht \u00fcber die Anforderungen f\u00fcr die jeweiligen Schuljahre folgt\u2026<\/span><span style=\"color: #c0c0c0; font-size: x-large;\">\u00a0<\/span><\/p>\n<hr \/>\n<p><span style=\"color: #cc99ff; font-size: x-large;\"><b><span style=\"text-decoration: underline;\">Projektwoche<img loading=\"lazy\" decoding=\"async\" class=\"size-full wp-image-221 alignnone\" alt=\"pw2011_01\" src=\"http:\/\/ggs-sunderplatz.de\/wp-content\/uploads\/2013\/11\/pw2011_01.gif\" width=\"67\" height=\"57\" \/><\/span><\/b><\/span><\/p>\n<p style=\"text-align: center;\"><span style=\"color: #cc99ff; font-size: medium;\"><a href=\"http:\/\/ggs-sunderplatz.de\/wp-content\/uploads\/2013\/11\/olympia_2012a.jpg\"><span style=\"color: #cc99ff;\"><img loading=\"lazy\" decoding=\"async\" class=\"size-full wp-image-144 alignleft\" alt=\"olympia_2012a\" src=\"http:\/\/ggs-sunderplatz.de\/wp-content\/uploads\/2013\/11\/olympia_2012a.jpg\" width=\"295\" height=\"164\" \/><\/span><\/a><span style=\"font-size: large;\"><a href=\"http:\/\/ggs-sunderplatz.de\/wp-content\/uploads\/2013\/11\/projektwoche2010.gif\"><span style=\"color: #cc99ff;\"><img loading=\"lazy\" decoding=\"async\" class=\"size-full wp-image-145 alignright\" alt=\"projektwoche2010\" src=\"http:\/\/ggs-sunderplatz.de\/wp-content\/uploads\/2013\/11\/projektwoche2010.gif\" width=\"177\" height=\"161\" \/><\/span><\/a>In jedem Jahr findet an unserer Schule eine thematisch gebundene Projektwoche statt. So ging es im Jahr 2010 in nur f\u00fcnf Tagen rund um die Welt, 2011 wurde es kunterbunt am Sunderplatz und die Projektwoche im Jahr 2012 stand ganz im Zeichen von Olympia. Die Projektwoche\u00a02013\/ 2014 findet vom 17. bis zum 21. M\u00e4rz 2014 statt.\u00a0<a title=\"Projektwoche 2014\" href=\"http:\/\/ggs-sunderplatz.de\/?page_id=791\">Weitere Informationen gibt es hier&#8230;<\/a><\/span><\/span><\/p>\n<p style=\"text-align: center;\">\n<p style=\"text-align: center;\">\n<p style=\"text-align: center;\"><a href=\"http:\/\/ggs-sunderplatz.de\/wp-content\/uploads\/2013\/12\/IMG_3530.jpg\"><img loading=\"lazy\" decoding=\"async\" class=\"alignnone size-medium wp-image-694\" alt=\"IMG_3530\" src=\"http:\/\/ggs-sunderplatz.de\/wp-content\/uploads\/2013\/12\/IMG_3530-300x200.jpg\" width=\"300\" height=\"200\" srcset=\"http:\/\/ggs-sunderplatz.de\/wp-content\/uploads\/2013\/12\/IMG_3530-300x200.jpg 300w, http:\/\/ggs-sunderplatz.de\/wp-content\/uploads\/2013\/12\/IMG_3530-1024x682.jpg 1024w\" sizes=\"auto, (max-width: 300px) 100vw, 300px\" \/><\/a><\/p>\n<p>&nbsp;<\/p>\n","protected":false},"excerpt":{"rendered":"<p>Lesende Schule Am 17. Juni 2009 wurde auf dem Schulhof erstmalig eine Lesestunde abgehalten. Hieran haben sich eine Reihe von M\u00fcttern und V\u00e4tern beteiligt, um die Kinder an das &#8222;genie\u00dfende Lesen&#8220; heranzuf\u00fchren. Ziel ist es, den Kindern den Wert des Lesens zu vermitteln bzw. \u00fcber eine Vorbildfunktion zum Lesen anzuregen. Dazu setzen sich &#8222;die Leser&#8220;, [&hellip;]<\/p>\n","protected":false},"author":1,"featured_media":0,"parent":0,"menu_order":9,"comment_status":"closed","ping_status":"closed","template":"","meta":{"footnotes":""},"class_list":["post-48","page","type-page","status-publish","hentry"],"_links":{"self":[{"href":"http:\/\/ggs-sunderplatz.de\/index.php?rest_route=\/wp\/v2\/pages\/48","targetHints":{"allow":["GET"]}}],"collection":[{"href":"http:\/\/ggs-sunderplatz.de\/index.php?rest_route=\/wp\/v2\/pages"}],"about":[{"href":"http:\/\/ggs-sunderplatz.de\/index.php?rest_route=\/wp\/v2\/types\/page"}],"author":[{"embeddable":true,"href":"http:\/\/ggs-sunderplatz.de\/index.php?rest_route=\/wp\/v2\/users\/1"}],"replies":[{"embeddable":true,"href":"http:\/\/ggs-sunderplatz.de\/index.php?rest_route=%2Fwp%2Fv2%2Fcomments&post=48"}],"version-history":[{"count":29,"href":"http:\/\/ggs-sunderplatz.de\/index.php?rest_route=\/wp\/v2\/pages\/48\/revisions"}],"predecessor-version":[{"id":863,"href":"http:\/\/ggs-sunderplatz.de\/index.php?rest_route=\/wp\/v2\/pages\/48\/revisions\/863"}],"wp:attachment":[{"href":"http:\/\/ggs-sunderplatz.de\/index.php?rest_route=%2Fwp%2Fv2%2Fmedia&parent=48"}],"curies":[{"name":"wp","href":"https:\/\/api.w.org\/{rel}","templated":true}]}}

<p><span style="color: #33cccc; font-size: x-large;"><b><span style="text-decoration: underline;">Lesende Schule</span></b></span></p>
<p><span style="color: #33cccc; font-size: large;">Am 17. Juni 2009 wurde auf dem Schulhof erstmalig eine Lesestunde abgehalten. Hieran haben sich eine Reihe von Müttern und Vätern beteiligt, um die Kinder an das &#8222;genießende Lesen&#8220; heranzuführen.</span></p>
<p><span style="color: #33cccc; font-size: large;">Ziel ist es, den Kindern den Wert des Lesens zu vermitteln bzw. über eine Vorbildfunktion zum Lesen anzuregen. Dazu setzen sich &#8222;die Leser&#8220;, sofern es die Wetterlage erlaubt, über das gesamte Schulgelände verteilt hin und lesen (vor).</span></p>
<p><span style="color: #33cccc; font-size: large;">Diese &#8222;Lesetage&#8220; sind fest im <a title="Lesende Schule" href="http://ggs-sunderplatz.de/?page_id=110"><span style="color: #33cccc;">Terminplan</span></a> verankert und werden regelmäßig wiederholt. Genauere Angaben dazu finden sich auf der Termin-Seite. Lese-Mütter, Lese-Väter oder auch Lese-Omas und Lese-Opas sind uns hierbei sehr willkommen! Gerade im ersten Schuljahr, in dem das selbstständige genießende Lesen lange Zeit eine Herausforderung darstellt, bereichern sie das Lesevergnügen sehr.</span><span style="color: #33cccc;"> </span></p>
<hr />
<p><span style="color: #ff99cc; font-size: x-large; text-decoration: underline;"><strong>Walking Bus</strong></span></p>
<p><span style="font-size: large;"><span style="color: #ff99cc;">Zu Fuß zur Schule – aber bitte sicher! </span><span style="color: #ff99cc;">Lesen Sie unter „<a title="Aktuelles" href="http://ggs-sunderplatz.de/?page_id=135">Aktuelles</a>“, wie es bei uns funktioniert…</span></span></p>
<p><a href="http://ggs-sunderplatz.de/wp-content/uploads/2013/11/walking_bus.jpg"><img loading="lazy" decoding="async" class="size-medium wp-image-72 alignleft" alt="walking_bus" src="http://ggs-sunderplatz.de/wp-content/uploads/2013/11/walking_bus-300x141.jpg" width="300" height="141" srcset="http://ggs-sunderplatz.de/wp-content/uploads/2013/11/walking_bus-300x141.jpg 300w, http://ggs-sunderplatz.de/wp-content/uploads/2013/11/walking_bus.jpg 407w" sizes="auto, (max-width: 300px) 100vw, 300px" /></a></p>
<p><span style="color: #c0c0c0;"><b><span style="text-decoration: underline;"> </span></b></span></p>
<p>&nbsp;</p>
<p>&nbsp;</p>
<p>&nbsp;</p>
<hr />
<p><span style="color: #ff0000; font-size: x-large;"><b><span style="text-decoration: underline;">Chor</span></b></span></p>
<p><span style="color: #ff0000; font-size: large;">Im Schuljahr 2009/10 wurde der Chor unter der Leitung von Fr. Maaß ins Leben gerufen und ist weiterhin fester Bestandteil an unserer Schule.</span></p>
<hr />
<p><span style="color: #c0c0c0;"> </span><span style="color: #ff9900; font-size: x-large;"><b><span style="text-decoration: underline;">JeKi</span></b></span></p>
<p><span style="color: #ff9900; font-size: large;">JeKi &#8211; Jedem Kind ein Instrument – ist ein an unserer Schule fest installiertes Konzept, um alle Kinder musikalisch zu fördern und an Instrumente heranzuführen. In Kooperation mit der Musikschule Mülheim finden auf diesem Wege unterschiedliche instrumentale Unterrichtsstunden in unserer Schule statt, die durch qualifizierte Musiklehrer geleitet werden. Auf diese Weise bekommen die Kinder die Möglichkeit ein Instrument zu lernen, auf das man als Eltern für sein Kind vielleicht gar nicht gekommen wäre.</span><span style="color: #c0c0c0;"><b><span style="text-decoration: underline;"> </span></b></span></p>
<hr />
<p><span style="color: #008080; font-size: x-large;"><b><span style="text-decoration: underline;">Flöten- und Gitarren-AGs</span></b></span></p>
<p><span style="color: #99ccff;"><span style="color: #008080; font-size: large;">Neben dem Jeki-Unterricht wird zusätzlich die Möglichkeit geboten, das Flöten- und/ oder Gitarrenspielen in kleinen Gruppen in unserer Schule zu erlernen. Hierbei bereiten sich die Kinder oftmals auch darauf vor, Festlichkeiten des Schullebens (z. B. die Einschulungsfeier der Schulneulinge) musikalisch zu gestalten.</span><b></b></span></p>
<hr />
<p><span style="color: #99ccff;"><b><span style="text-decoration: underline;"> </span></b></span><span style="color: #33cccc; font-size: x-large;"><b><span style="text-decoration: underline;">Tanz-Projekt<a href="http://ggs-sunderplatz.de/wp-content/uploads/2013/11/IMG_0256b.jpg"><img loading="lazy" decoding="async" class="size-medium wp-image-146 alignright" alt="IMG_0256b" src="http://ggs-sunderplatz.de/wp-content/uploads/2013/11/IMG_0256b-300x110.jpg" width="315" height="133" /></a></span></b></span></p>
<p><span style="color: #33cccc; font-size: medium;">In dieser Tanzgruppe erlernen die Kinder Vielfältiges rund ums Tanzen. Das umfasst das Erlernen von Aufwärmtechniken und einer guten Haltung, die Freude an Bewegung zu unterschiedlichen Rhythmen und Melodien, das Nutzen des Körpers als Ausdrucksmittel, das Eingehen auf die anderen Tänzer der Gruppe und das Aufrechterhalten der Konzentration. Dies alles gelingt als Teil des Einstudierens einer umfangreichen Choreographie, die am Ende eines übungsreichen Jahres mit Spaß und Erfolg zur Aufführung gebracht wird.</span><span style="color: #c0c0c0;"> </span></p>
<hr />
<p><span style="color: #99cc00; font-size: x-large;"><b><span style="text-decoration: underline;">Radfahrausbildung</span></b></span></p>
<p><span style="color: #99cc00; font-size: large;">Bereits ab dem zweiten Schuljahr beginnt an unserer Grundschule die Radfahrausbildung. In verschiedenen Trainingsangeboten durch die Jugend-verkehrsschule, den ADAC und die Polizei werden die Kinder an verkehrssicheres Fahren mit dem Fahrrad herangeführt und trainiert. Der Terminliste können Sie weitere Informationen hierzu entnehmen.</span></p>
<p><span style="color: #99cc00; font-size: large;">Wir empfehlen darüber hinaus ein ergänzendes Üben mit den Eltern oder Großeltern, um das Gelernte zu festigen und den Kindern dadurch Sicherheit beim Fahren in der Verkehrswirklichkeit zu geben.</span></p>
<p><span style="color: #99cc00; font-size: large;">Eine Übersicht über die Anforderungen für die jeweiligen Schuljahre folgt…</span><span style="color: #c0c0c0; font-size: x-large;"> </span></p>
<hr />
<p><span style="color: #cc99ff; font-size: x-large;"><b><span style="text-decoration: underline;">Projektwoche<img loading="lazy" decoding="async" class="size-full wp-image-221 alignnone" alt="pw2011_01" src="http://ggs-sunderplatz.de/wp-content/uploads/2013/11/pw2011_01.gif" width="67" height="57" /></span></b></span></p>
<p style="text-align: center;"><span style="color: #cc99ff; font-size: medium;"><a href="http://ggs-sunderplatz.de/wp-content/uploads/2013/11/olympia_2012a.jpg"><span style="color: #cc99ff;"><img loading="lazy" decoding="async" class="size-full wp-image-144 alignleft" alt="olympia_2012a" src="http://ggs-sunderplatz.de/wp-content/uploads/2013/11/olympia_2012a.jpg" width="295" height="164" /></span></a><span style="font-size: large;"><a href="http://ggs-sunderplatz.de/wp-content/uploads/2013/11/projektwoche2010.gif"><span style="color: #cc99ff;"><img loading="lazy" decoding="async" class="size-full wp-image-145 alignright" alt="projektwoche2010" src="http://ggs-sunderplatz.de/wp-content/uploads/2013/11/projektwoche2010.gif" width="177" height="161" /></span></a>In jedem Jahr findet an unserer Schule eine thematisch gebundene Projektwoche statt. So ging es im Jahr 2010 in nur fünf Tagen rund um die Welt, 2011 wurde es kunterbunt am Sunderplatz und die Projektwoche im Jahr 2012 stand ganz im Zeichen von Olympia. Die Projektwoche 2013/ 2014 findet vom 17. bis zum 21. März 2014 statt. <a title="Projektwoche 2014" href="http://ggs-sunderplatz.de/?page_id=791">Weitere Informationen gibt es hier&#8230;</a></span></span></p>
<p style="text-align: center;">
<p style="text-align: center;">
<p style="text-align: center;"><a href="http://ggs-sunderplatz.de/wp-content/uploads/2013/12/IMG_3530.jpg"><img loading="lazy" decoding="async" class="alignnone size-medium wp-image-694" alt="IMG_3530" src="http://ggs-sunderplatz.de/wp-content/uploads/2013/12/IMG_3530-300x200.jpg" width="300" height="200" srcset="http://ggs-sunderplatz.de/wp-content/uploads/2013/12/IMG_3530-300x200.jpg 300w, http://ggs-sunderplatz.de/wp-content/uploads/2013/12/IMG_3530-1024x682.jpg 1024w" sizes="auto, (max-width: 300px) 100vw, 300px" /></a></p>
<p>&nbsp;</p>

<p>Lesende Schule Am 17. Juni 2009 wurde auf dem Schulhof erstmalig eine Lesestunde abgehalten. Hieran haben sich eine Reihe von Müttern und Vätern beteiligt, um die Kinder an das &#8222;genießende Lesen&#8220; heranzuführen. Ziel ist es, den Kindern den Wert des Lesens zu vermitteln bzw. über eine Vorbildfunktion zum Lesen anzuregen. Dazu setzen sich &#8222;die Leser&#8220;, [&hellip;]</p>
