{"id":4096,"date":"2017-03-18T13:01:47","date_gmt":"2017-03-18T13:01:47","guid":{"rendered":"http:\/\/ggs-sunderplatz.de\/?page_id=4096"},"modified":"2018-02-16T13:46:08","modified_gmt":"2018-02-16T13:46:08","slug":"projektwoche-2017","status":"publish","type":"page","link":"http:\/\/ggs-sunderplatz.de\/?page_id=4096","title":{"rendered":"Projektwoche 2017"},"content":{"rendered":"<h3><span style=\"color: #ff0000;\">\u00a0&#8222;Dies<\/span> <span style=\"color: #ff00ff;\">und<\/span> <span style=\"color: #ff6600;\">das<\/span> <span style=\"color: #ff9900;\">&#8211; f\u00fcr<\/span> <span style=\"color: #ffcc00;\">jeden<\/span> <span style=\"color: #ffff00;\">was,<\/span> <span style=\"color: #99cc00;\">so<\/span> <span style=\"color: #339966;\">macht<\/span> <span style=\"color: #3366ff;\">uns<\/span> <span style=\"color: #33cccc;\">der<\/span> <span style=\"color: #008080;\">Fr\u00fchling<\/span> <span style=\"color: #800080;\">Spa\u00df&#8220;<\/span><\/h3>\n<p><a href=\"http:\/\/ggs-sunderplatz.de\/wp-content\/uploads\/2017\/04\/IMG_3645.jpg\"><img loading=\"lazy\" decoding=\"async\" class=\"alignnone size-medium wp-image-4140\" alt=\"IMG_3645\" src=\"http:\/\/ggs-sunderplatz.de\/wp-content\/uploads\/2017\/04\/IMG_3645-300x225.jpg\" width=\"288\" height=\"216\" srcset=\"http:\/\/ggs-sunderplatz.de\/wp-content\/uploads\/2017\/04\/IMG_3645-300x225.jpg 300w, http:\/\/ggs-sunderplatz.de\/wp-content\/uploads\/2017\/04\/IMG_3645.jpg 653w\" sizes=\"auto, (max-width: 288px) 100vw, 288px\" \/><\/a><a href=\"http:\/\/ggs-sunderplatz.de\/wp-content\/uploads\/2017\/04\/IMG_3643.jpg\"> <img loading=\"lazy\" decoding=\"async\" class=\"alignnone size-medium wp-image-4138\" alt=\"IMG_3643\" src=\"http:\/\/ggs-sunderplatz.de\/wp-content\/uploads\/2017\/04\/IMG_3643-300x225.jpg\" width=\"288\" height=\"216\" srcset=\"http:\/\/ggs-sunderplatz.de\/wp-content\/uploads\/2017\/04\/IMG_3643-300x225.jpg 300w, http:\/\/ggs-sunderplatz.de\/wp-content\/uploads\/2017\/04\/IMG_3643.jpg 653w\" sizes=\"auto, (max-width: 288px) 100vw, 288px\" \/><\/a> <a href=\"http:\/\/ggs-sunderplatz.de\/wp-content\/uploads\/2017\/04\/IMG_3644.jpg\"><img loading=\"lazy\" decoding=\"async\" class=\"alignnone size-medium wp-image-4139\" alt=\"IMG_3644\" src=\"http:\/\/ggs-sunderplatz.de\/wp-content\/uploads\/2017\/04\/IMG_3644-300x225.jpg\" width=\"288\" height=\"216\" srcset=\"http:\/\/ggs-sunderplatz.de\/wp-content\/uploads\/2017\/04\/IMG_3644-300x225.jpg 300w, http:\/\/ggs-sunderplatz.de\/wp-content\/uploads\/2017\/04\/IMG_3644.jpg 653w\" sizes=\"auto, (max-width: 288px) 100vw, 288px\" \/><\/a><\/p>\n<h4><span style=\"font-size: medium; color: #ffff00;\">Projektgruppe &#8222;Was summt und brummt da? &#8211; Wir erforschen die Bienen!&#8220;<\/span><\/h4>\n<p><a href=\"http:\/\/ggs-sunderplatz.de\/wp-content\/uploads\/2017\/05\/3-IMG.jpg\"><img loading=\"lazy\" decoding=\"async\" class=\"alignnone size-medium wp-image-4191\" alt=\"3 IMG\" src=\"http:\/\/ggs-sunderplatz.de\/wp-content\/uploads\/2017\/05\/3-IMG-300x225.jpg\" width=\"300\" height=\"225\" \/><\/a> <a href=\"http:\/\/ggs-sunderplatz.de\/wp-content\/uploads\/2017\/05\/4-IMG.jpg\"><img loading=\"lazy\" decoding=\"async\" class=\"alignnone size-medium wp-image-4190\" alt=\"4 IMG\" src=\"http:\/\/ggs-sunderplatz.de\/wp-content\/uploads\/2017\/05\/4-IMG-300x225.jpg\" width=\"300\" height=\"225\" srcset=\"http:\/\/ggs-sunderplatz.de\/wp-content\/uploads\/2017\/05\/4-IMG-300x225.jpg 300w, http:\/\/ggs-sunderplatz.de\/wp-content\/uploads\/2017\/05\/4-IMG-1024x768.jpg 1024w, http:\/\/ggs-sunderplatz.de\/wp-content\/uploads\/2017\/05\/4-IMG.jpg 1306w\" sizes=\"auto, (max-width: 300px) 100vw, 300px\" \/><\/a> <a href=\"http:\/\/ggs-sunderplatz.de\/wp-content\/uploads\/2017\/05\/2-IMG.jpg\"><img loading=\"lazy\" decoding=\"async\" class=\"alignnone size-medium wp-image-4189\" alt=\"2 IMG\" src=\"http:\/\/ggs-sunderplatz.de\/wp-content\/uploads\/2017\/05\/2-IMG-300x247.jpg\" width=\"273\" height=\"225\" \/><\/a> <a href=\"http:\/\/ggs-sunderplatz.de\/wp-content\/uploads\/2017\/05\/1-IMG.jpg\"><img loading=\"lazy\" decoding=\"async\" class=\"alignnone size-medium wp-image-4188\" alt=\"1 IMG\" src=\"http:\/\/ggs-sunderplatz.de\/wp-content\/uploads\/2017\/05\/1-IMG-300x198.jpg\" width=\"342\" height=\"225\" \/><\/a><\/p>\n<h4><span style=\"font-size: medium; color: #99cc00;\">Projektgruppe &#8222;Lange Ohren, Schnuppernase &#8211; wo ist denn der Osterhase?&#8220;<\/span><\/h4>\n<p><a href=\"http:\/\/ggs-sunderplatz.de\/wp-content\/uploads\/2017\/04\/P1180592.jpg\"><img loading=\"lazy\" decoding=\"async\" class=\"alignnone size-medium wp-image-4162\" alt=\"P1180592\" src=\"http:\/\/ggs-sunderplatz.de\/wp-content\/uploads\/2017\/04\/P1180592-300x225.jpg\" width=\"300\" height=\"225\" srcset=\"http:\/\/ggs-sunderplatz.de\/wp-content\/uploads\/2017\/04\/P1180592-300x225.jpg 300w, http:\/\/ggs-sunderplatz.de\/wp-content\/uploads\/2017\/04\/P1180592-1024x768.jpg 1024w, http:\/\/ggs-sunderplatz.de\/wp-content\/uploads\/2017\/04\/P1180592.jpg 1200w\" sizes=\"auto, (max-width: 300px) 100vw, 300px\" \/><\/a> <a href=\"http:\/\/ggs-sunderplatz.de\/wp-content\/uploads\/2017\/04\/P1180549.jpg\"><img loading=\"lazy\" decoding=\"async\" class=\"alignnone size-medium wp-image-4161\" alt=\"P1180549\" src=\"http:\/\/ggs-sunderplatz.de\/wp-content\/uploads\/2017\/04\/P1180549-225x300.jpg\" width=\"169\" height=\"225\" srcset=\"http:\/\/ggs-sunderplatz.de\/wp-content\/uploads\/2017\/04\/P1180549-225x300.jpg 225w, http:\/\/ggs-sunderplatz.de\/wp-content\/uploads\/2017\/04\/P1180549-768x1024.jpg 768w, http:\/\/ggs-sunderplatz.de\/wp-content\/uploads\/2017\/04\/P1180549.jpg 900w\" sizes=\"auto, (max-width: 169px) 100vw, 169px\" \/><\/a> <a href=\"http:\/\/ggs-sunderplatz.de\/wp-content\/uploads\/2017\/04\/P1180537.jpg\"><img loading=\"lazy\" decoding=\"async\" class=\"alignnone size-medium wp-image-4160\" alt=\"P1180537\" src=\"http:\/\/ggs-sunderplatz.de\/wp-content\/uploads\/2017\/04\/P1180537-300x225.jpg\" width=\"300\" height=\"225\" srcset=\"http:\/\/ggs-sunderplatz.de\/wp-content\/uploads\/2017\/04\/P1180537-300x225.jpg 300w, http:\/\/ggs-sunderplatz.de\/wp-content\/uploads\/2017\/04\/P1180537-1024x768.jpg 1024w, http:\/\/ggs-sunderplatz.de\/wp-content\/uploads\/2017\/04\/P1180537.jpg 1200w\" sizes=\"auto, (max-width: 300px) 100vw, 300px\" \/><\/a> <a href=\"http:\/\/ggs-sunderplatz.de\/wp-content\/uploads\/2017\/04\/P1180511.jpg\"><img loading=\"lazy\" decoding=\"async\" class=\"alignnone size-medium wp-image-4159\" alt=\"P1180511\" src=\"http:\/\/ggs-sunderplatz.de\/wp-content\/uploads\/2017\/04\/P1180511-300x225.jpg\" width=\"300\" height=\"225\" srcset=\"http:\/\/ggs-sunderplatz.de\/wp-content\/uploads\/2017\/04\/P1180511-300x225.jpg 300w, http:\/\/ggs-sunderplatz.de\/wp-content\/uploads\/2017\/04\/P1180511-1024x768.jpg 1024w, http:\/\/ggs-sunderplatz.de\/wp-content\/uploads\/2017\/04\/P1180511.jpg 1200w\" sizes=\"auto, (max-width: 300px) 100vw, 300px\" \/><\/a> <a href=\"http:\/\/ggs-sunderplatz.de\/wp-content\/uploads\/2017\/04\/P1180508.jpg\"><img loading=\"lazy\" decoding=\"async\" class=\"alignnone size-medium wp-image-4158\" alt=\"P1180508\" src=\"http:\/\/ggs-sunderplatz.de\/wp-content\/uploads\/2017\/04\/P1180508-300x225.jpg\" width=\"300\" height=\"225\" srcset=\"http:\/\/ggs-sunderplatz.de\/wp-content\/uploads\/2017\/04\/P1180508-300x225.jpg 300w, http:\/\/ggs-sunderplatz.de\/wp-content\/uploads\/2017\/04\/P1180508-1024x768.jpg 1024w, http:\/\/ggs-sunderplatz.de\/wp-content\/uploads\/2017\/04\/P1180508.jpg 1200w\" sizes=\"auto, (max-width: 300px) 100vw, 300px\" \/><\/a> <a href=\"http:\/\/ggs-sunderplatz.de\/wp-content\/uploads\/2017\/04\/P1180493.jpg\"><img loading=\"lazy\" decoding=\"async\" class=\"alignnone size-medium wp-image-4157\" alt=\"P1180493\" src=\"http:\/\/ggs-sunderplatz.de\/wp-content\/uploads\/2017\/04\/P1180493-225x300.jpg\" width=\"169\" height=\"225\" srcset=\"http:\/\/ggs-sunderplatz.de\/wp-content\/uploads\/2017\/04\/P1180493-225x300.jpg 225w, http:\/\/ggs-sunderplatz.de\/wp-content\/uploads\/2017\/04\/P1180493-768x1024.jpg 768w, http:\/\/ggs-sunderplatz.de\/wp-content\/uploads\/2017\/04\/P1180493.jpg 900w\" sizes=\"auto, (max-width: 169px) 100vw, 169px\" \/><\/a><\/p>\n<h4><span style=\"font-size: medium; color: #ff6600;\">Projektgruppe &#8222;Die Siebenschl\u00e4fer &#8211; das Musical&#8220;<\/span><\/h4>\n<p><a href=\"http:\/\/ggs-sunderplatz.de\/wp-content\/uploads\/2017\/04\/IMG_3665.jpg\"><img loading=\"lazy\" decoding=\"async\" class=\"alignnone size-medium wp-image-4141\" alt=\"IMG_3665\" src=\"http:\/\/ggs-sunderplatz.de\/wp-content\/uploads\/2017\/04\/IMG_3665-300x225.jpg\" width=\"300\" height=\"225\" srcset=\"http:\/\/ggs-sunderplatz.de\/wp-content\/uploads\/2017\/04\/IMG_3665-300x225.jpg 300w, http:\/\/ggs-sunderplatz.de\/wp-content\/uploads\/2017\/04\/IMG_3665.jpg 320w\" sizes=\"auto, (max-width: 300px) 100vw, 300px\" \/><\/a> <a href=\"http:\/\/ggs-sunderplatz.de\/wp-content\/uploads\/2017\/04\/IMG_3641.jpg\"><img loading=\"lazy\" decoding=\"async\" class=\"alignnone size-medium wp-image-4137\" alt=\"IMG_3641\" src=\"http:\/\/ggs-sunderplatz.de\/wp-content\/uploads\/2017\/04\/IMG_3641-300x225.jpg\" width=\"300\" height=\"225\" srcset=\"http:\/\/ggs-sunderplatz.de\/wp-content\/uploads\/2017\/04\/IMG_3641-300x225.jpg 300w, http:\/\/ggs-sunderplatz.de\/wp-content\/uploads\/2017\/04\/IMG_3641.jpg 653w\" sizes=\"auto, (max-width: 300px) 100vw, 300px\" \/><\/a> <a href=\"http:\/\/ggs-sunderplatz.de\/wp-content\/uploads\/2017\/04\/IMG_3636.jpg\"><img loading=\"lazy\" decoding=\"async\" class=\"alignnone size-medium wp-image-4136\" alt=\"IMG_3636\" src=\"http:\/\/ggs-sunderplatz.de\/wp-content\/uploads\/2017\/04\/IMG_3636-300x225.jpg\" width=\"300\" height=\"225\" srcset=\"http:\/\/ggs-sunderplatz.de\/wp-content\/uploads\/2017\/04\/IMG_3636-300x225.jpg 300w, http:\/\/ggs-sunderplatz.de\/wp-content\/uploads\/2017\/04\/IMG_3636.jpg 653w\" sizes=\"auto, (max-width: 300px) 100vw, 300px\" \/><\/a> <a href=\"http:\/\/ggs-sunderplatz.de\/wp-content\/uploads\/2017\/04\/IMG_3635.jpg\"><img loading=\"lazy\" decoding=\"async\" class=\"alignnone size-medium wp-image-4135\" alt=\"IMG_3635\" src=\"http:\/\/ggs-sunderplatz.de\/wp-content\/uploads\/2017\/04\/IMG_3635-300x225.jpg\" width=\"300\" height=\"225\" srcset=\"http:\/\/ggs-sunderplatz.de\/wp-content\/uploads\/2017\/04\/IMG_3635-300x225.jpg 300w, http:\/\/ggs-sunderplatz.de\/wp-content\/uploads\/2017\/04\/IMG_3635.jpg 653w\" sizes=\"auto, (max-width: 300px) 100vw, 300px\" \/><\/a> <a href=\"http:\/\/ggs-sunderplatz.de\/wp-content\/uploads\/2017\/04\/IMG_3632.jpg\"><img loading=\"lazy\" decoding=\"async\" class=\"alignnone size-medium wp-image-4134\" alt=\"IMG_3632\" src=\"http:\/\/ggs-sunderplatz.de\/wp-content\/uploads\/2017\/04\/IMG_3632-300x225.jpg\" width=\"300\" height=\"225\" srcset=\"http:\/\/ggs-sunderplatz.de\/wp-content\/uploads\/2017\/04\/IMG_3632-300x225.jpg 300w, http:\/\/ggs-sunderplatz.de\/wp-content\/uploads\/2017\/04\/IMG_3632.jpg 653w\" sizes=\"auto, (max-width: 300px) 100vw, 300px\" \/><\/a> <a href=\"http:\/\/ggs-sunderplatz.de\/wp-content\/uploads\/2017\/04\/IMG_3630.jpg\"><img loading=\"lazy\" decoding=\"async\" class=\"alignnone size-medium wp-image-4133\" alt=\"IMG_3630\" src=\"http:\/\/ggs-sunderplatz.de\/wp-content\/uploads\/2017\/04\/IMG_3630-300x225.jpg\" width=\"300\" height=\"225\" srcset=\"http:\/\/ggs-sunderplatz.de\/wp-content\/uploads\/2017\/04\/IMG_3630-300x225.jpg 300w, http:\/\/ggs-sunderplatz.de\/wp-content\/uploads\/2017\/04\/IMG_3630.jpg 653w\" sizes=\"auto, (max-width: 300px) 100vw, 300px\" \/><\/a> <a href=\"http:\/\/ggs-sunderplatz.de\/wp-content\/uploads\/2017\/04\/IMG_3623.jpg\"><img loading=\"lazy\" decoding=\"async\" class=\"alignnone size-medium wp-image-4132\" alt=\"IMG_3623\" src=\"http:\/\/ggs-sunderplatz.de\/wp-content\/uploads\/2017\/04\/IMG_3623-300x225.jpg\" width=\"300\" height=\"225\" srcset=\"http:\/\/ggs-sunderplatz.de\/wp-content\/uploads\/2017\/04\/IMG_3623-300x225.jpg 300w, http:\/\/ggs-sunderplatz.de\/wp-content\/uploads\/2017\/04\/IMG_3623.jpg 653w\" sizes=\"auto, (max-width: 300px) 100vw, 300px\" \/><\/a> <a href=\"http:\/\/ggs-sunderplatz.de\/wp-content\/uploads\/2017\/04\/IMG_3622.jpg\"><img loading=\"lazy\" decoding=\"async\" class=\"alignnone size-medium wp-image-4131\" alt=\"IMG_3622\" src=\"http:\/\/ggs-sunderplatz.de\/wp-content\/uploads\/2017\/04\/IMG_3622-300x225.jpg\" width=\"300\" height=\"225\" srcset=\"http:\/\/ggs-sunderplatz.de\/wp-content\/uploads\/2017\/04\/IMG_3622-300x225.jpg 300w, http:\/\/ggs-sunderplatz.de\/wp-content\/uploads\/2017\/04\/IMG_3622.jpg 653w\" sizes=\"auto, (max-width: 300px) 100vw, 300px\" \/><\/a> <a href=\"http:\/\/ggs-sunderplatz.de\/wp-content\/uploads\/2017\/04\/IMG_3621.jpg\"><img loading=\"lazy\" decoding=\"async\" class=\"alignnone size-medium wp-image-4130\" alt=\"IMG_3621\" src=\"http:\/\/ggs-sunderplatz.de\/wp-content\/uploads\/2017\/04\/IMG_3621-300x225.jpg\" width=\"300\" height=\"225\" srcset=\"http:\/\/ggs-sunderplatz.de\/wp-content\/uploads\/2017\/04\/IMG_3621-300x225.jpg 300w, http:\/\/ggs-sunderplatz.de\/wp-content\/uploads\/2017\/04\/IMG_3621.jpg 653w\" sizes=\"auto, (max-width: 300px) 100vw, 300px\" \/><\/a> <a href=\"http:\/\/ggs-sunderplatz.de\/wp-content\/uploads\/2017\/04\/IMG_3619.jpg\"><img loading=\"lazy\" decoding=\"async\" class=\"alignnone size-medium wp-image-4129\" alt=\"IMG_3619\" src=\"http:\/\/ggs-sunderplatz.de\/wp-content\/uploads\/2017\/04\/IMG_3619-300x225.jpg\" width=\"300\" height=\"225\" srcset=\"http:\/\/ggs-sunderplatz.de\/wp-content\/uploads\/2017\/04\/IMG_3619-300x225.jpg 300w, http:\/\/ggs-sunderplatz.de\/wp-content\/uploads\/2017\/04\/IMG_3619.jpg 653w\" sizes=\"auto, (max-width: 300px) 100vw, 300px\" \/><\/a> <a href=\"http:\/\/ggs-sunderplatz.de\/wp-content\/uploads\/2017\/04\/IMG_3618.jpg\"><img loading=\"lazy\" decoding=\"async\" class=\"alignnone size-medium wp-image-4128\" alt=\"IMG_3618\" src=\"http:\/\/ggs-sunderplatz.de\/wp-content\/uploads\/2017\/04\/IMG_3618-300x225.jpg\" width=\"300\" height=\"225\" srcset=\"http:\/\/ggs-sunderplatz.de\/wp-content\/uploads\/2017\/04\/IMG_3618-300x225.jpg 300w, http:\/\/ggs-sunderplatz.de\/wp-content\/uploads\/2017\/04\/IMG_3618.jpg 653w\" sizes=\"auto, (max-width: 300px) 100vw, 300px\" \/><\/a> <a href=\"http:\/\/ggs-sunderplatz.de\/wp-content\/uploads\/2017\/04\/IMG_3615.jpg\"><img loading=\"lazy\" decoding=\"async\" class=\"alignnone size-medium wp-image-4127\" alt=\"IMG_3615\" src=\"http:\/\/ggs-sunderplatz.de\/wp-content\/uploads\/2017\/04\/IMG_3615-300x225.jpg\" width=\"300\" height=\"225\" srcset=\"http:\/\/ggs-sunderplatz.de\/wp-content\/uploads\/2017\/04\/IMG_3615-300x225.jpg 300w, http:\/\/ggs-sunderplatz.de\/wp-content\/uploads\/2017\/04\/IMG_3615.jpg 653w\" sizes=\"auto, (max-width: 300px) 100vw, 300px\" \/><\/a> <a href=\"http:\/\/ggs-sunderplatz.de\/wp-content\/uploads\/2017\/04\/IMG_3614.jpg\"><img loading=\"lazy\" decoding=\"async\" class=\"alignnone size-medium wp-image-4126\" alt=\"IMG_3614\" src=\"http:\/\/ggs-sunderplatz.de\/wp-content\/uploads\/2017\/04\/IMG_3614-300x225.jpg\" width=\"300\" height=\"225\" srcset=\"http:\/\/ggs-sunderplatz.de\/wp-content\/uploads\/2017\/04\/IMG_3614-300x225.jpg 300w, http:\/\/ggs-sunderplatz.de\/wp-content\/uploads\/2017\/04\/IMG_3614.jpg 653w\" sizes=\"auto, (max-width: 300px) 100vw, 300px\" \/><\/a> <a href=\"http:\/\/ggs-sunderplatz.de\/wp-content\/uploads\/2017\/04\/IMG_3613.jpg\"><img loading=\"lazy\" decoding=\"async\" class=\"alignnone size-medium wp-image-4125\" alt=\"IMG_3613\" src=\"http:\/\/ggs-sunderplatz.de\/wp-content\/uploads\/2017\/04\/IMG_3613-300x225.jpg\" width=\"300\" height=\"225\" srcset=\"http:\/\/ggs-sunderplatz.de\/wp-content\/uploads\/2017\/04\/IMG_3613-300x225.jpg 300w, http:\/\/ggs-sunderplatz.de\/wp-content\/uploads\/2017\/04\/IMG_3613.jpg 653w\" sizes=\"auto, (max-width: 300px) 100vw, 300px\" \/><\/a> <a href=\"http:\/\/ggs-sunderplatz.de\/wp-content\/uploads\/2017\/04\/IMG_3600-klein.jpg\"><img loading=\"lazy\" decoding=\"async\" class=\"alignnone size-medium wp-image-4124\" alt=\"IMG_3600 klein\" src=\"http:\/\/ggs-sunderplatz.de\/wp-content\/uploads\/2017\/04\/IMG_3600-klein-300x225.jpg\" width=\"300\" height=\"225\" srcset=\"http:\/\/ggs-sunderplatz.de\/wp-content\/uploads\/2017\/04\/IMG_3600-klein-300x225.jpg 300w, http:\/\/ggs-sunderplatz.de\/wp-content\/uploads\/2017\/04\/IMG_3600-klein.jpg 653w\" sizes=\"auto, (max-width: 300px) 100vw, 300px\" \/><\/a> <a href=\"http:\/\/ggs-sunderplatz.de\/wp-content\/uploads\/2017\/04\/IMG_3593-klein.jpg\"><img loading=\"lazy\" decoding=\"async\" class=\"alignnone size-medium wp-image-4123\" alt=\"IMG_3593 klein\" src=\"http:\/\/ggs-sunderplatz.de\/wp-content\/uploads\/2017\/04\/IMG_3593-klein-300x225.jpg\" width=\"300\" height=\"225\" srcset=\"http:\/\/ggs-sunderplatz.de\/wp-content\/uploads\/2017\/04\/IMG_3593-klein-300x225.jpg 300w, http:\/\/ggs-sunderplatz.de\/wp-content\/uploads\/2017\/04\/IMG_3593-klein.jpg 653w\" sizes=\"auto, (max-width: 300px) 100vw, 300px\" \/><\/a> <a href=\"http:\/\/ggs-sunderplatz.de\/wp-content\/uploads\/2017\/04\/IMG_3591-klein.jpg\"><img loading=\"lazy\" decoding=\"async\" class=\"alignnone size-medium wp-image-4122\" alt=\"IMG_3591 klein\" src=\"http:\/\/ggs-sunderplatz.de\/wp-content\/uploads\/2017\/04\/IMG_3591-klein-300x225.jpg\" width=\"300\" height=\"225\" srcset=\"http:\/\/ggs-sunderplatz.de\/wp-content\/uploads\/2017\/04\/IMG_3591-klein-300x225.jpg 300w, http:\/\/ggs-sunderplatz.de\/wp-content\/uploads\/2017\/04\/IMG_3591-klein.jpg 653w\" sizes=\"auto, (max-width: 300px) 100vw, 300px\" \/><\/a> <a href=\"http:\/\/ggs-sunderplatz.de\/wp-content\/uploads\/2017\/04\/IMG_3584-klein.jpg\"><img loading=\"lazy\" decoding=\"async\" class=\"alignnone size-medium wp-image-4121\" alt=\"IMG_3584 klein\" src=\"http:\/\/ggs-sunderplatz.de\/wp-content\/uploads\/2017\/04\/IMG_3584-klein-300x225.jpg\" width=\"300\" height=\"225\" srcset=\"http:\/\/ggs-sunderplatz.de\/wp-content\/uploads\/2017\/04\/IMG_3584-klein-300x225.jpg 300w, http:\/\/ggs-sunderplatz.de\/wp-content\/uploads\/2017\/04\/IMG_3584-klein.jpg 653w\" sizes=\"auto, (max-width: 300px) 100vw, 300px\" \/><\/a><\/p>\n<p><span style=\"color: #99cc00;\">Vom 27. bis zum 31. M\u00e4rz 2017 findet sie statt &#8211; unsere diesj\u00e4hrige Projektwoche! Es wird wieder eine kreative, farbenfrohe,\u00a0musikalische,\u00a0entdeckerische\u00a0und experimentelle\u00a0Zeit. In jahrgangs\u00fcbergreifenden Gruppen lernen, arbeiten und\u00a0gestalten\u00a0die Kinder jenseits des gewohnten Klassenverbandes und Stundenplanes gemeinsam und k\u00fcnstlerisch an unterschiedlichsten Projekten&#8230; <\/span><\/p>\n<p><span style=\"color: #ff6600;\">Der &#8222;Fahrplan&#8220; f\u00fcr die Projektwoche sieht wie folgt aus:<\/span><\/p>\n<p><span style=\"color: #33cccc;\">Am 24.3.2017 Treffen sich die Kinder das erste Mal zum &#8222;Schnuppern&#8220; in ihrer Projektgruppe. Hier lernt man schonmal die Lehrerin und die anderen Kinder kennen und erf\u00e4hrt, was einen in der folgenden Woche erwartet. Auch erhalten die Kinder hier Informationen, was sie mitbringen sollen.<\/span><\/p>\n<p><span style=\"color: #33cccc;\">Ab dem 27.3.2017 arbeiten alle Kinder v<\/span><span style=\"color: #33cccc;\">on Montag bis Donnerstag <\/span><span style=\"color: #33cccc;\">in den ersten vier Schulstunden in ihrer jeweiligen Projektgruppe. Nach der vierten Stunde werden sie nach Hause bzw. in ihre jeweiligen Betreuungen entlassen.<\/span><\/p>\n<p><span style=\"color: #3366ff;\">Am Freitag ist ein ganz besonderer Tag: Hier treffen sich alle Kinder ein letztes Mal in ihrer Projektgruppe. Von 8.00 &#8211; 10.50 Uhr wird alles vorbereitet f\u00fcr das gro\u00dfe Projektwochen-Abschlussfest, bei dem die Kinder ihren Eltern (Gro\u00dfeltern, Geschwistern, Onkeln, Tanten, Nachbarn&#8230;) stolz ihre Arbeitsergebnisse pr\u00e4sentieren. Das Fest findet von 15.00 bis 18.00 Uhr statt, zu dem alle herzlichst eingeladen sind!<\/span><\/p>\n<p><span style=\"color: #ff00ff;\">Wir freuen uns alle sehr auf diese besondere\u00a0Zeit!<\/span><\/p>\n","protected":false},"excerpt":{"rendered":"<p>\u00a0&#8222;Dies und das &#8211; f\u00fcr jeden was, so macht uns der Fr\u00fchling Spa\u00df&#8220; Projektgruppe &#8222;Was summt und brummt da? &#8211; Wir erforschen die Bienen!&#8220; Projektgruppe &#8222;Lange Ohren, Schnuppernase &#8211; wo ist denn der Osterhase?&#8220; Projektgruppe &#8222;Die Siebenschl\u00e4fer &#8211; das Musical&#8220; Vom 27. bis zum 31. M\u00e4rz 2017 findet sie statt &#8211; unsere diesj\u00e4hrige Projektwoche! Es [&hellip;]<\/p>\n","protected":false},"author":1,"featured_media":0,"parent":48,"menu_order":1,"comment_status":"closed","ping_status":"closed","template":"","meta":{"footnotes":""},"class_list":["post-4096","page","type-page","status-publish","hentry"],"_links":{"self":[{"href":"http:\/\/ggs-sunderplatz.de\/index.php?rest_route=\/wp\/v2\/pages\/4096","targetHints":{"allow":["GET"]}}],"collection":[{"href":"http:\/\/ggs-sunderplatz.de\/index.php?rest_route=\/wp\/v2\/pages"}],"about":[{"href":"http:\/\/ggs-sunderplatz.de\/index.php?rest_route=\/wp\/v2\/types\/page"}],"author":[{"embeddable":true,"href":"http:\/\/ggs-sunderplatz.de\/index.php?rest_route=\/wp\/v2\/users\/1"}],"replies":[{"embeddable":true,"href":"http:\/\/ggs-sunderplatz.de\/index.php?rest_route=%2Fwp%2Fv2%2Fcomments&post=4096"}],"version-history":[{"count":11,"href":"http:\/\/ggs-sunderplatz.de\/index.php?rest_route=\/wp\/v2\/pages\/4096\/revisions"}],"predecessor-version":[{"id":4196,"href":"http:\/\/ggs-sunderplatz.de\/index.php?rest_route=\/wp\/v2\/pages\/4096\/revisions\/4196"}],"up":[{"embeddable":true,"href":"http:\/\/ggs-sunderplatz.de\/index.php?rest_route=\/wp\/v2\/pages\/48"}],"wp:attachment":[{"href":"http:\/\/ggs-sunderplatz.de\/index.php?rest_route=%2Fwp%2Fv2%2Fmedia&parent=4096"}],"curies":[{"name":"wp","href":"https:\/\/api.w.org\/{rel}","templated":true}]}}