{"id":315,"date":"2013-11-10T09:02:29","date_gmt":"2013-11-10T09:02:29","guid":{"rendered":"http:\/\/ggs-sunderplatz.de\/?page_id=315"},"modified":"2014-06-05T05:16:53","modified_gmt":"2014-06-05T05:16:53","slug":"witze","status":"publish","type":"page","link":"http:\/\/ggs-sunderplatz.de\/?page_id=315","title":{"rendered":"Witze"},"content":{"rendered":"<table border=\"0\" cellspacing=\"5\" cellpadding=\"50\" align=\"center\">\n<tbody>\n<tr>\n<td style=\"background-color: #008000;\">\n<div>\n<div style=\"text-align: center;\"><span style=\"background-color: #ff6600;\"><span style=\"color: #b51a00; font-size: medium;\">Die Lehrerin schimpft mit Tom: &#8222;Hast du schon mal was von Rechtschreibung geh\u00f6rt?&#8220; <\/span><span style=\"color: #b51a00; font-size: medium;\">Tom antwortet:&#8220;Die Rechtschreibung gilt nicht f\u00fcr mich! Ich bin Linksh\u00e4nder!&#8220; \ud83d\ude09 (Mikael, 3a)<\/span><\/span><\/div>\n<\/div>\n<\/td>\n<td style=\"text-align: center; background-color: #dc143c;\"><\/td>\n<\/tr>\n<tr>\n<td style=\"background-color: #008000;\"><span style=\"color: #000080; font-size: medium; background-color: #33cccc;\">In der Englischstunde fragt Frau Schenker: <\/span><span style=\"color: #000080; font-size: medium; background-color: #33cccc;\">&#8222;Johann, was hei\u00dft Glocke auf Englisch?&#8220; <\/span><span style=\"color: #000080; font-size: medium; background-color: #33cccc;\">Johann antwortet: Keine Ahnung!&#8220; <\/span><span style=\"color: #000080; font-size: medium; background-color: #33cccc;\">Frau Schenker sagt die L\u00f6sung: &#8222;Bell!&#8220; <\/span><span style=\"color: #53d5fd; font-size: medium; background-color: #33cccc;\"><span style=\"color: #000080;\">Darauf Johann: &#8222;Wuff, wuff!&#8220; \ud83d\ude09 (Mikael, 3a)<\/span><\/span><\/p>\n<div><\/div>\n<\/td>\n<td style=\"text-align: center; background-color: #dc143c;\">\n<div><span style=\"font-size: medium; background-color: #ffff00;\"><span style=\"color: #9929bd;\">Fritzchen kommt von der Schule und sagt zu seiner Mutter: <\/span><span style=\"color: #9929bd;\">&#8222;Ich habe mich heute als <\/span><span style=\"color: #9929bd;\">einziger gemeldet.&#8220; <\/span><span style=\"color: #9929bd;\">Fragt die Mutter: &#8222;Bei was denn?&#8220; <\/span><span style=\"color: #9929bd;\">Antwortet Fritzchen: &#8222;Wer heute die Mathehausaufgaben vergessen hat.&#8220;\u00a0\ud83d\ude42 (Mikael, 3a)<\/span><\/span><\/div>\n<\/td>\n<\/tr>\n<tr>\n<td style=\"background-color: #008000;\">\n<div><span style=\"color: #0000ff; font-size: medium; background-color: #00ccff;\"><span style=\"color: #0000ff; font-size: medium;\"><a href=\"http:\/\/ggs-sunderplatz.de\/wp-content\/uploads\/2014\/06\/Liz.jpg\"><span style=\"background-color: #00ccff;\"><img loading=\"lazy\" decoding=\"async\" class=\"alignnone size-medium wp-image-1425\" style=\"width: 332px; height: 255px;\" alt=\"Liz\" src=\"http:\/\/ggs-sunderplatz.de\/wp-content\/uploads\/2014\/06\/Liz-300x222.jpg\" width=\"300\" height=\"222\" srcset=\"http:\/\/ggs-sunderplatz.de\/wp-content\/uploads\/2014\/06\/Liz-300x222.jpg 300w, http:\/\/ggs-sunderplatz.de\/wp-content\/uploads\/2014\/06\/Liz-1024x757.jpg 1024w\" sizes=\"auto, (max-width: 300px) 100vw, 300px\" \/><\/span><\/a><\/span><\/span><\/div>\n<div><span style=\"color: #ffff00; font-size: medium; background-color: #00ccff;\">(Liz, 3a)<\/span><\/div>\n<\/td>\n<td style=\"text-align: center; background-color: #dc143c;\">\n<div><span style=\"font-size: medium; background-color: #ff9900;\"><span style=\"color: #0000ff; font-size: medium; background-color: #00ccff;\"><span style=\"color: #0000ff; font-size: medium;\"><a href=\"http:\/\/ggs-sunderplatz.de\/wp-content\/uploads\/2014\/06\/Paula.jpg\"><img loading=\"lazy\" decoding=\"async\" class=\"alignnone size-medium wp-image-1429\" style=\"width: 302px; height: 240px;\" alt=\"Paula\" src=\"http:\/\/ggs-sunderplatz.de\/wp-content\/uploads\/2014\/06\/Paula-277x300.jpg\" width=\"277\" height=\"300\" srcset=\"http:\/\/ggs-sunderplatz.de\/wp-content\/uploads\/2014\/06\/Paula-277x300.jpg 277w, http:\/\/ggs-sunderplatz.de\/wp-content\/uploads\/2014\/06\/Paula-947x1024.jpg 947w\" sizes=\"auto, (max-width: 277px) 100vw, 277px\" \/><\/a><\/span><\/span>Scherzfrage:<\/span><\/div>\n<div><span style=\"font-size: medium; background-color: #ff9900;\">Was h\u00e4ngt an der Wand, macht tick tack, und wenn die Uhr runterf\u00e4llt ist sie kaputt?<\/span><span style=\"font-size: medium;\">\u00a0<\/span><\/div>\n<div><span style=\"font-size: medium; background-color: #ff9900;\">Antwort:<\/span><\/div>\n<div><span style=\"font-size: medium; background-color: #ff9900;\">Ein R\u00e4tsel f\u00fcr Doofe!!!!!!!!!!!!!!!!!!!!! (Paula, 3a)<\/span><\/div>\n<\/td>\n<\/tr>\n<tr>\n<td style=\"background-color: #008000;\">\n<div><span style=\"color: #0000ff; font-size: medium; background-color: #ff9900;\">\ud83d\ude00 Hans zu Peter: &#8222;Ein Gl\u00fcck, dass ich kein Italiener bin! Ich kann n\u00e4mlich kein Italienisch!&#8220; <span style=\"font-size: small;\">(Firas, Klasse 2b)<\/span><\/span><\/div>\n<div><\/div>\n<div><\/div>\n<div><\/div>\n<div><\/div>\n<div><\/div>\n<div><\/div>\n<\/td>\n<td style=\"text-align: center; background-color: #dc143c;\"><span style=\"color: #333300; font-size: medium; background-color: #33cccc;\">Sagt die Mutter zu Fritzchen: &#8222;Du musst den Fischen frisches Wasser geben!&#8220; Darauf Fritzchen: &#8222;Nee, die haben ihres noch nicht ausgetrunken!&#8220;<span style=\"font-size: small;\"> \ud83d\ude09 (Emma, Klasse 2b)\u00a0<\/span><\/span><\/td>\n<\/tr>\n<tr>\n<td style=\"background-color: #008000;\">\n<div><span style=\"color: #ffffff; font-size: medium; background-color: #ff0000;\">Der kleine Hans zu seinem Papa: &#8222;Du, Paps, Fastenzeit ist doch eine Zeit, in der man auf etwas verzichten soll, das man sehr mag oder?&#8220; &#8211; &#8220; Richtig, warum?&#8220; <\/span><span style=\"color: #ffffff; font-size: small; background-color: #ff0000;\"><span style=\"font-size: medium;\">&#8211; &#8220; Ich mag doch die Schule so sehr. Ich denke, ich werde in den n\u00e4chsten vier Wochen auf sie verzichten!&#8220;<\/span> \ud83d\ude09 (Firas, Klasse 2b)<\/span><\/div>\n<div><\/div>\n<div><\/div>\n<div><\/div>\n<div><\/div>\n<div><\/div>\n<div><\/div>\n<div><\/div>\n<div><\/div>\n<div><span style=\"font-size: large;\"><span style=\"color: #ffff00; font-family: Times New Roman; background-color: #800080;\">Gehen zwei Fr\u00f6sche durch den Regen, da sagt der eine Frosch zum anderen: &#8222;Komm, wir gehen schnell in unseren Teich, sonst werden wir noch ganz nass!&#8220; \ud83d\ude00 <\/span><span style=\"color: #ffff00; font-family: Times New Roman; font-size: medium; background-color: #800080;\">(Paul, Klasse 3b)<\/span><\/span><span style=\"color: #000000;\"><span style=\"font-family: Times New Roman;\"><span style=\"font-size: large;\">\u00a0\u00a0<\/span><\/span><\/span><\/div>\n<div><span style=\"color: #000000;\"><span style=\"font-family: Times New Roman;\">\u00a0\u00a0\u00a0\u00a0\u00a0\u00a0\u00a0<\/span><\/span><\/div>\n<div>\n<p><span style=\"color: #000000;\"><span style=\"font-family: Times New Roman;\">\u00a0\u00a0\u00a0\u00a0\u00a0\u00a0\u00a0\u00a0\u00a0\u00a0\u00a0\u00a0\u00a0\u00a0\u00a0\u00a0\u00a0\u00a0\u00a0\u00a0\u00a0\u00a0\u00a0\u00a0\u00a0\u00a0\u00a0\u00a0\u00a0\u00a0\u00a0\u00a0\u00a0\u00a0\u00a0\u00a0\u00a0\u00a0\u00a0\u00a0\u00a0\u00a0\u00a0\u00a0\u00a0\u00a0\u00a0\u00a0\u00a0\u00a0\u00a0\u00a0\u00a0\u00a0\u00a0\u00a0\u00a0\u00a0\u00a0\u00a0\u00a0\u00a0\u00a0\u00a0\u00a0\u00a0\u00a0\u00a0\u00a0\u00a0\u00a0\u00a0\u00a0\u00a0\u00a0\u00a0\u00a0 <\/span><\/span><\/p>\n<div><span style=\"color: #ff0000; font-size: medium; background-color: #99cc00;\"><span style=\"font-family: Arial;\"><span style=\"font-family: Arial;\">Warum haben Fische Schuppen? Antwort: Damit sie ihr Fahrrad abstellen k\u00f6nnen<\/span>! <span style=\"font-size: small;\">(Bennet, Klasse 3b) \ud83d\ude09<\/span><\/span><\/span><\/div>\n<div><\/div>\n<div><\/div>\n<\/div>\n<\/td>\n<td style=\"text-align: center; background-color: #dc143c;\">\n<div><span style=\"color: #ffffff; font-size: medium; background-color: #888888;\">Kommt ein Hase in die Apotheke. <\/span><\/div>\n<div><span style=\"color: #ffffff; font-size: medium; background-color: #888888;\">Fragt der Hase: &#8222;Hat du M\u00f6hrchen?&#8220; <\/span><\/div>\n<div><span style=\"color: #ffffff; font-size: medium; background-color: #888888;\">Sagt der Apotheker: &#8222;Nein.&#8220;<\/span><\/div>\n<div><span style=\"color: #ffffff; font-size: medium; background-color: #888888;\">Kommt der Hase am n\u00e4chsten Tag wieder. <\/span><\/div>\n<div><span style=\"color: #ffffff; font-size: medium; background-color: #888888;\">Fragt er: &#8222;Hat du\u00a0 M\u00f6hrchen?&#8220; <\/span><\/div>\n<div><span style=\"color: #ffffff; font-size: medium; background-color: #888888;\">Sagt der Apotheker: &#8222;Wenn du morgen wieder <\/span><\/div>\n<div><span style=\"color: #ffffff; font-size: medium; background-color: #888888;\">kommst, h\u00e4nge ich dich an&#8217;s Kreuz neben <\/span><\/div>\n<div><span style=\"color: #ffffff; font-size: medium; background-color: #888888;\">Jesus!&#8220; <\/span><span style=\"color: #ffffff; font-size: medium; background-color: #888888;\">Kommt der Hase am n\u00e4chsten Tag <\/span><\/div>\n<div><span style=\"color: #ffffff; font-size: medium; background-color: #888888;\">wieder und fragt: &#8222;Hat du M\u00f6hrchen?&#8220; <\/span><\/div>\n<div><span style=\"color: #ffffff; font-size: medium; background-color: #888888;\">S<\/span><span style=\"color: #ffffff; font-size: medium; background-color: #888888;\">agt der Apotheker: &#8222;Jetzt h\u00e4nge ich dich <\/span><\/div>\n<div><span style=\"color: #ffffff; font-size: medium; background-color: #888888;\">an`s Kreuz neben Jesus!&#8220; <\/span><span style=\"color: #ffffff; font-size: medium; background-color: #888888;\">Da h\u00e4ngt\u00a0der Hase <\/span><\/div>\n<div><span style=\"color: #ffffff; font-size: medium; background-color: #888888;\">am Kreuz neben Jesus. Fragt\u00a0 der Hase: <\/span><\/div>\n<div><span style=\"color: #ffffff; font-size: medium; background-color: #888888;\">&#8222;Na Jesus, hat du auch nach M\u00f6hrchen gefragt?&#8220; \ud83d\ude09<\/span><\/div>\n<div><span style=\"font-size: small;\"><span style=\"color: #ffffff; background-color: #888888;\">(Angelina, Klasse 3b)<\/span><span style=\"background-color: #888888;\">\u00a0<\/span><\/span><\/div>\n<div><\/div>\n<div><\/div>\n<\/td>\n<\/tr>\n<tr>\n<td style=\"background-color: #008000;\">\n<div>\n<div><span style=\"color: #ffff99; font-size: medium; background-color: #ff6600;\"><span style=\"font-family: Arial; font-size: small;\"><span style=\"font-size: medium;\"> \ud83d\ude0e Fragt das Kind seinen Vater: &#8222;Was ist Wind ?&#8220; Da sagt der Vater: &#8222;Das ist Luft, die es <\/span><span style=\"font-size: medium;\">eilig hat.&#8220;<\/span> (Bennet, Klasse 3b) <\/span><\/span><\/div>\n<div><\/div>\n<div><\/div>\n<\/div>\n<\/td>\n<td style=\"text-align: center; background-color: #dc143c;\">\n<div><\/div>\n<div><\/div>\n<div><span style=\"color: #ffffff; font-size: medium; background-color: #008080;\"><span style=\"font-family: Arial; font-size: small;\"><span style=\"font-size: medium;\">Was ist wei\u00df und klettert den Berg hoch? Antwort: Eine Lawine, die Heimweh hat!<\/span> (Bennet, Klasse 3b) \ud83d\ude42<\/span><\/span><\/div>\n<div><\/div>\n<div><\/div>\n<\/td>\n<\/tr>\n<tr>\n<td style=\"background-color: #008000;\">\n<div>\n<div><span style=\"color: #ff0000; font-size: medium; background-color: #ffcc00;\"> \ud83d\ude0e Was isst ein Auto am liebsten?<\/span><\/div>\n<div><span style=\"color: #ff0000; background-color: #ffcc00;\"><span style=\"font-size: medium;\">Antwort: ein Parkpl\u00e4tzchen<\/span> <span style=\"font-size: small;\">(Angelina, Klasse 3b)<\/span><\/span><\/div>\n<\/div>\n<\/td>\n<td style=\"text-align: center; background-color: #dc143c;\">\n<div><\/div>\n<div><span style=\"font-size: medium; background-color: #ff6600;\">\ud83d\ude09 Was ist braun und kann tauchen?<\/span><\/div>\n<div><span style=\"font-size: medium; background-color: #ff6600;\">Antwort: ein Ubrot <\/span><span style=\"font-size: small; background-color: #ff6600;\">(Angelina, Klasse 3b)<\/span><\/div>\n<div><\/div>\n<div><\/div>\n<\/td>\n<\/tr>\n<tr>\n<td style=\"background-color: #008000;\">\n<div><span style=\"color: #ffffff; font-size: medium; background-color: #008080;\">\ud83d\ude2f Was ist doof und liegt in der B\u00e4ckerei?\u00a0<\/span><span style=\"font-size: medium; background-color: #008080;\">\u00a0<\/span><\/div>\n<div><span style=\"color: #ffffff; font-size: medium; background-color: #008080;\">Antwort: ein Bl\u00f6dchen <span style=\"font-size: small;\">(Angelina, Klasse 3b)<\/span><\/span><\/div>\n<\/td>\n<td style=\"text-align: center; background-color: #dc143c;\">\n<div>\n<p>&nbsp;<\/p>\n<div><span style=\"color: #ffffff; font-size: medium; background-color: #333399;\">\ud83d\ude42 Was ist schwarz-wei\u00df und kann schaukeln?\u00a0<\/span><\/div>\n<div><span style=\"color: #ffffff; font-size: medium; background-color: #333399;\">Antwort: ein Schwinguin <span style=\"font-size: small;\">(Angelina, Klasse 3b)<\/span><\/span><\/div>\n<\/div>\n<\/td>\n<\/tr>\n<tr>\n<td style=\"background-color: #008000;\"><a href=\"http:\/\/ggs-sunderplatz.de\/wp-content\/uploads\/2014\/01\/DSC_1098-2.jpg\"><img loading=\"lazy\" decoding=\"async\" class=\"alignnone size-medium wp-image-941\" style=\"width: 143px; height: 119px;\" alt=\"DSC_1098-2\" src=\"http:\/\/ggs-sunderplatz.de\/wp-content\/uploads\/2014\/01\/DSC_1098-2-300x268.jpg\" width=\"300\" height=\"268\" srcset=\"http:\/\/ggs-sunderplatz.de\/wp-content\/uploads\/2014\/01\/DSC_1098-2-300x268.jpg 300w, http:\/\/ggs-sunderplatz.de\/wp-content\/uploads\/2014\/01\/DSC_1098-2.jpg 388w\" sizes=\"auto, (max-width: 300px) 100vw, 300px\" \/><\/a>\ud83d\ude0e<span style=\"color: #800000; font-family: Times New Roman; font-size: large; background-color: #ff99cc;\">Schimpft die Taubenmutter mit ihrem Sohn: \u201eJetzt hast du schon wieder ins Nest gemacht. Es wird aber so langsam Zeit, dass du dich daran gew\u00f6hnst, auf das Denkmal zu gehen!\u201c (Lucia, Klasse 3b) <\/span><\/td>\n<td style=\"text-align: center; background-color: #dc143c;\">\n<div>\n<p><span style=\"color: #000000; font-family: Calibri; font-size: medium; background-color: #99cc00;\"><img loading=\"lazy\" decoding=\"async\" class=\"alignnone size-medium wp-image-927\" style=\"width: 209px; height: 204px;\" alt=\"DSC_1100-2-1\" src=\"http:\/\/ggs-sunderplatz.de\/wp-content\/uploads\/2014\/01\/DSC_1100-2-1-300x289.jpg\" width=\"300\" height=\"289\" srcset=\"http:\/\/ggs-sunderplatz.de\/wp-content\/uploads\/2014\/01\/DSC_1100-2-1-300x289.jpg 300w, http:\/\/ggs-sunderplatz.de\/wp-content\/uploads\/2014\/01\/DSC_1100-2-1.jpg 409w\" sizes=\"auto, (max-width: 300px) 100vw, 300px\" \/>&#8222;Ich habe euch von der Klapperschlange erz\u00e4hlt&#8220;, sagt der Lehrer. &#8222;Wer von euch kennt ein \u00e4hnliches Tier, dem man auch nicht trauen darf?\u201c\u00a0 Meldet sich der kleine Klaus : &#8222;Der Klapperstorch!\u201c\u00a0 (Lucia, Klasse 3b) \ud83d\ude42<\/span><\/p>\n<\/div>\n<\/td>\n<\/tr>\n<tr>\n<td style=\"background-color: #008000;\">\n<p style=\"text-align: center;\"><span style=\"color: #c0c0c0; font-size: medium;\"><span style=\"background-color: #3366ff;\">\ud83d\ude09\u00a0Treffen sich zwei B\u00e4ren. Da sagt der eine B\u00e4r: &#8222;Ich mache dieses Jahr keinen Winterschlaf.&#8220; Fragt der andere B\u00e4r: &#8222;Warum nicht?&#8220; Da sagt der eine B\u00e4r: &#8222;Ich m\u00f6chte einmal den Idioten sehen, der im Fr\u00fchling die Bl\u00e4tter an die B\u00e4ume klebt.&#8220;<\/span><span style=\"font-size: small;\"><span style=\"background-color: #3366ff;\"> (Paulina, Klasse 3b)<\/span> <\/span><\/span><\/p>\n<\/td>\n<td style=\"text-align: center; background-color: #dc143c;\">\n<div><span style=\"color: #ffff99; font-family: Cambria Math; font-size: medium; background-color: #800000;\"><span style=\"font-family: Arial;\"><a href=\"http:\/\/ggs-sunderplatz.de\/wp-content\/uploads\/2014\/01\/DSC_1103-1.jpg\"><img loading=\"lazy\" decoding=\"async\" class=\"alignnone size-medium wp-image-938\" style=\"width: 185px; height: 128px;\" alt=\"DSC_1103-1\" src=\"http:\/\/ggs-sunderplatz.de\/wp-content\/uploads\/2014\/01\/DSC_1103-1-300x195.jpg\" width=\"300\" height=\"195\" srcset=\"http:\/\/ggs-sunderplatz.de\/wp-content\/uploads\/2014\/01\/DSC_1103-1-300x195.jpg 300w, http:\/\/ggs-sunderplatz.de\/wp-content\/uploads\/2014\/01\/DSC_1103-1.jpg 537w\" sizes=\"auto, (max-width: 300px) 100vw, 300px\" \/><\/a>Treffen sich zwei Schafe auf der Weide, da sagt das eine Schaf :&#8220;M\u00e4h.&#8220; Da sagt das andere Schaf :&#8220;M\u00e4h doch selber .&#8220; <span style=\"font-size: small;\">(Bennet, Klasse 3b)<\/span> \ud83d\ude0e <\/span><\/span><\/div>\n<\/td>\n<\/tr>\n<tr>\n<td style=\"background-color: #008000;\">\n<p style=\"text-align: center;\"><span style=\"color: #ffff00; font-size: medium;\">Was fliegt r\u00fcckw\u00e4rts \u00fcber eine Wiese und macht \u201emus mus\u201d? Eine Biene, die r\u00fcckw\u00e4rs fliegt! <span style=\"font-size: small;\">(Tom, Klasse 3b)<\/span> \ud83d\ude06<\/span><\/p>\n<\/td>\n<td style=\"text-align: center; background-color: #dc143c;\"><span style=\"font-size: medium; background-color: #ff6600;\">Wie kommt eine Ameise \u00fcber den Fluss?<\/span><br \/>\n<span style=\"font-size: medium;\"><span style=\"background-color: #ff6600;\">Antwort: Sie nimmt das A vorne weg und fliegt \u00fcber den Fluss. \ud83d\ude42 <\/span><span style=\"font-size: small;\"><span style=\"background-color: #ff6600;\">(Niclas und Jana, Klasse 3b)<\/span> <\/span><\/span><\/td>\n<\/tr>\n<tr>\n<td style=\"background-color: #008000;\">\n<p style=\"text-align: center;\"><span style=\"color: #000000; background-color: #ff9900;\"><span style=\"font-size: medium;\">Wieso h\u00fcpft eine Blondine unter der Dusche immer\u00a0auf und ab? Antwort: Weil auf der Shampooflasche steht ,,Wash and go&#8220; \ud83d\ude1b <span style=\"font-size: small;\">(M\u00e4dchen, Klasse 4a)<\/span><\/span><\/span><\/p>\n<\/td>\n<td style=\"background-color: #dc143c;\">\n<p style=\"text-align: center;\"><span style=\"color: #ff9900;\"><span style=\"font-size: medium;\">\u00a0Wieso ist die Banane krumm? <\/span><span style=\"font-size: medium;\">Antwort: Weil niemand in den Urwald zog und sie wieder grade bog. \ud83d\ude09 <span style=\"font-size: small;\">(M\u00e4dchen, Klasse 4a)<\/span><\/span><\/span><\/p>\n<\/td>\n<\/tr>\n<tr>\n<td style=\"background-color: #00ced1;\">\n<p style=\"text-align: center;\"><span style=\"color: #333333; font-size: medium;\">\u00a0Was macht die Wolke, wenn sie sich kratzen muss? &#8211; Sie geht zum Wolkenkratzer! \ud83d\ude42 <\/span><span style=\"font-size: small; color: #000000;\">(Junge, Klasse 3b)<\/span><\/p>\n<\/td>\n<td style=\"background-color: #9370d8;\">\n<p style=\"text-align: center;\"><span style=\"color: #333333; font-size: medium; background-color: #003366;\"><span style=\"color: #33cccc;\">Treffen sich ein Walfisch und ein Thunfisch. Sagt der\u00a0Walfisch: ,,Was sollen wir heute tun, Fisch?&#8220; Sagt der Thunfisch:\u00a0,,Du hast die Wahl, Fisch!&#8220;<span style=\"font-size: small;\"> (M\u00e4dchen, Klasse 4a)<\/span>\u00a0 8)<\/span> <\/span><\/p>\n<\/td>\n<\/tr>\n<tr>\n<td style=\"background-color: #808080;\">\n<p style=\"text-align: center;\"><span style=\"color: #ffffff;\"><span style=\"font-size: medium;\">\u00a0<\/span><span style=\"font-size: medium; background-color: #ff00ff;\">Sagte ein Fisch zu einem Fisch: &#8222;Hi!&#8220; Sagt der andere: &#8222;Wo?&#8220; \ud83d\ude00 <span style=\"font-size: small;\">(M\u00e4dchen, Klasse 3a)<\/span><\/span><\/span><\/p>\n<\/td>\n<td style=\"background-color: #ff69b4;\">\n<p style=\"text-align: center;\"><span style=\"color: #333333; font-size: medium;\">\u00a0Treffen sich zwei Erbsen, sagt die eine Erbse zu der anderen Erbse: &#8222;Vorsicht, da ist eine Trepp-Trepp-Trepp-Trepp-Trepp-Treppe!&#8220; (Junge, Klasse 3b) \ud83d\ude00 <\/span><\/p>\n<\/td>\n<\/tr>\n<tr>\n<td style=\"background-color: #adff2f;\">\n<p style=\"text-align: center;\"><span style=\"color: #333333; font-size: medium;\">&#8222;Warum kommst du zu sp\u00e4t zum Unterricht?&#8220;, <\/span><span style=\"color: #333333; font-size: medium;\">m\u00f6chte die Lehrerin von Tom wissen. <\/span><span style=\"color: #333333; font-size: medium;\">&#8222;Ich habe vom Fu\u00dfball getr\u00e4umt. <\/span><span style=\"color: #333333; font-size: medium;\">Es gab Verl\u00e4ngerung und ich musste <\/span><span style=\"color: #333333; font-size: medium;\">l\u00e4nger schlafen.&#8220; \ud83d\ude09 <\/span><\/p>\n<\/td>\n<td style=\"background-color: #32cdca;\">\n<p style=\"text-align: center;\"><span style=\"color: #ff6600;\"><span style=\"font-size: medium;\">Der Lehrer fragt Annie: &#8222;Was isst du denn da?&#8220; <\/span><span style=\"font-size: medium;\">&#8222;Kaugummi!&#8220;, antwortet die kleine Annie. <\/span><span style=\"font-size: medium;\">&#8222;Sofort wegwerfen!&#8220;, donnert der Lehrer. <\/span><span style=\"font-size: medium;\">&#8222;Geht nicht&#8220;, sagt Annie. <\/span><\/span><span style=\"color: #333333; font-size: medium;\"><span style=\"color: #ff6600;\">&#8222;Den hat mir meine Freundin Klara geliehen.&#8220; \ud83d\ude15<\/span> <\/span><\/p>\n<\/td>\n<\/tr>\n<tr>\n<td style=\"background-color: #ef8d0f;\">\n<p style=\"text-align: center;\"><span style=\"color: #333333; font-size: medium;\">Laufen zwei Zahnstocher durch den Wald. <\/span><span style=\"color: #333333; font-size: medium;\">Da kommt ein Igel vorbei. <\/span><span style=\"color: #333333; font-size: medium;\">Sagt der eine Zahnstocher: <\/span><span style=\"color: #333333; font-size: medium;\">&#8222;Ich wusste gar nicht, <\/span><span style=\"color: #333333; font-size: medium;\">dass hier ein Bus entlangf\u00e4hrt!&#8220; \ud83d\ude0e <\/span><\/p>\n<\/td>\n<td style=\"background-color: #d8f40a;\" align=\"center\" valign=\"middle\">\n<p style=\"text-align: center;\"><span style=\"color: #333333; font-size: medium;\">Laufen zwei Sandk\u00f6rner durch die W\u00fcste, <\/span><span style=\"color: #333333; font-size: medium;\">meint das eine: <\/span><span style=\"color: #333333; font-size: medium;\">&#8222;Mann, ist hier\u00a0was los!&#8220; :lol:(M\u00e4dchen, Klasse 4a)<br \/>\n<\/span><\/p>\n<\/td>\n<\/tr>\n<\/tbody>\n<\/table>\n","protected":false},"excerpt":{"rendered":"<p>Die Lehrerin schimpft mit Tom: &#8222;Hast du schon mal was von Rechtschreibung geh\u00f6rt?&#8220; Tom antwortet:&#8220;Die Rechtschreibung gilt nicht f\u00fcr mich! Ich bin Linksh\u00e4nder!&#8220; \ud83d\ude09 (Mikael, 3a) In der Englischstunde fragt Frau Schenker: &#8222;Johann, was hei\u00dft Glocke auf Englisch?&#8220; Johann antwortet: Keine Ahnung!&#8220; Frau Schenker sagt die L\u00f6sung: &#8222;Bell!&#8220; Darauf Johann: &#8222;Wuff, wuff!&#8220; \ud83d\ude09 (Mikael, 3a) [&hellip;]<\/p>\n","protected":false},"author":1,"featured_media":0,"parent":228,"menu_order":0,"comment_status":"closed","ping_status":"closed","template":"","meta":{"footnotes":""},"class_list":["post-315","page","type-page","status-publish","hentry"],"_links":{"self":[{"href":"http:\/\/ggs-sunderplatz.de\/index.php?rest_route=\/wp\/v2\/pages\/315","targetHints":{"allow":["GET"]}}],"collection":[{"href":"http:\/\/ggs-sunderplatz.de\/index.php?rest_route=\/wp\/v2\/pages"}],"about":[{"href":"http:\/\/ggs-sunderplatz.de\/index.php?rest_route=\/wp\/v2\/types\/page"}],"author":[{"embeddable":true,"href":"http:\/\/ggs-sunderplatz.de\/index.php?rest_route=\/wp\/v2\/users\/1"}],"replies":[{"embeddable":true,"href":"http:\/\/ggs-sunderplatz.de\/index.php?rest_route=%2Fwp%2Fv2%2Fcomments&post=315"}],"version-history":[{"count":93,"href":"http:\/\/ggs-sunderplatz.de\/index.php?rest_route=\/wp\/v2\/pages\/315\/revisions"}],"predecessor-version":[{"id":1451,"href":"http:\/\/ggs-sunderplatz.de\/index.php?rest_route=\/wp\/v2\/pages\/315\/revisions\/1451"}],"up":[{"embeddable":true,"href":"http:\/\/ggs-sunderplatz.de\/index.php?rest_route=\/wp\/v2\/pages\/228"}],"wp:attachment":[{"href":"http:\/\/ggs-sunderplatz.de\/index.php?rest_route=%2Fwp%2Fv2%2Fmedia&parent=315"}],"curies":[{"name":"wp","href":"https:\/\/api.w.org\/{rel}","templated":true}]}}