{"id":275,"date":"2013-11-10T07:23:54","date_gmt":"2013-11-10T07:23:54","guid":{"rendered":"http:\/\/ggs-sunderplatz.de\/?page_id=275"},"modified":"2020-04-02T12:16:00","modified_gmt":"2020-04-02T12:16:00","slug":"gute-links","status":"publish","type":"page","link":"http:\/\/ggs-sunderplatz.de\/?page_id=275","title":{"rendered":"Gute Links"},"content":{"rendered":"<p><span style=\"color: #ff0000;\">\u00a0NEU:<\/span> <a href=\"https:\/\/soundcloud.com\/polizeihamburg\" target=\"_blank\" rel=\"noopener noreferrer\"><span style=\"color: #99cc00;\">Podcast<\/span>: <span style=\"color: #ff9900;\">Mit dem Verkehrskasper lernen und lachen<\/span><\/a><\/p>\n<p><span style=\"color: #33cccc;\"><a href=\"http:\/\/www.antolin.de\" target=\"_blank\" rel=\"noopener noreferrer\"><span style=\"color: #33cccc;\">www.antolin.de<\/span><\/a><span style=\"color: #ff9900;\"> (Lesespa\u00df mit dem Raben) <\/span><\/span><\/p>\n<p><span style=\"color: #33cccc;\"><span style=\"color: #ff9900;\"><span style=\"color: #99cc00;\"><a style=\"color: #99cc00;\" href=\"https:\/\/www.youtube.com\/albaberlin\"><strong><span style=\"color: #ff0000;\">NEU<\/span><\/strong>: www.youtube.com\/albaberlin<\/a><\/span> (Genaue Info: <a style=\"color: #ff9900;\" href=\"http:\/\/ggs-sunderplatz.de\/wp-content\/uploads\/2020\/03\/Sportangebot-f\u00fcr-zu-Hause.pdf\">Sportangebot-f\u00fcr-zu-Hause<\/a>)<\/span><\/span><\/p>\n<p><span style=\"color: #33cccc;\"><span style=\"color: #ff9900;\"><a href=\"https:\/\/www.youtube.com\/channel\/UCbDFAFEFrkreZ2kk3BPhc4Q\"><strong><span style=\"color: #ff0000;\">NEU<\/span><\/strong>: <span style=\"color: #33cccc;\">Der Kanal mit dem Fisch<\/span><\/a> (Mathe\u00fcbungen z. Zt. von Klasse 1 bis 3, bald auch Klasse 4)\u00a0<\/span><\/span><\/p>\n<p><a href=\"https:\/\/anton.app\/de\/\"><strong><span style=\"color: #ff0000;\">NEU<\/span><\/strong>: <span style=\"color: #99cc00;\">Anton APP<\/span><\/a> <span style=\"color: #ff9900;\">(Lern-App f\u00fcr verschiedene F\u00e4cher f\u00fcr Smartphones, Tabletts oder auch am Computer)<\/span><\/p>\n<p><span style=\"color: #99cc00;\"><span style=\"color: #ff9900;\"><span style=\"color: #33cccc;\"><a style=\"color: #33cccc;\" href=\"http:\/\/www.hamsterkiste.de\" target=\"_blank\" rel=\"noopener noreferrer\">www.hamsterkiste.de<\/a> <\/span>(Wissenswertes \u00fcber Tiere und andere Dinge, die Kinder interessieren)<\/span><\/span><\/p>\n<p><span style=\"color: #33cccc;\"><a href=\"http:\/\/www.blinde-kuh.de\" target=\"_blank\" rel=\"noopener noreferrer\"><span style=\"color: #33cccc;\"><span style=\"color: #99cc00;\">www.blinde-kuh.de<\/span><\/span><\/a> <span style=\"color: #ff9900;\">(Kindgerechte Suchmaschine)<\/span><\/span><\/p>\n<p><span style=\"color: #99cc00;\"><a href=\"http:\/\/www.geolino.de\" target=\"_blank\" rel=\"noopener noreferrer\"><span style=\"color: #99cc00;\"><span style=\"color: #33cccc;\">www.geolino.de<\/span><\/span><\/a> <span style=\"color: #ff9900;\">(Wissenschaftliche Kinderzeitschrift online)<\/span><\/span><\/p>\n<p><span style=\"color: #33cccc;\"><a href=\"http:\/\/www.kidsweb.de\" target=\"_blank\" rel=\"noopener noreferrer\"><span style=\"color: #33cccc;\"><span style=\"color: #99cc00;\">www.kidsweb.de<\/span><\/span><\/a> <span style=\"color: #ff9900;\">(Tipps,\u00a0Geschichten, Bastelanleitungen, Experimente, Quiz und vieles mehr)<\/span><\/span><\/p>\n<p><span style=\"color: #99cc00;\"><a href=\"http:\/\/www.plant-for-the-planet.org\" target=\"_blank\" rel=\"noopener noreferrer\"><span style=\"color: #99cc00;\"><span style=\"color: #33cccc;\">www.plant-for-the-planet.org<\/span><\/span><\/a> <span style=\"color: #ff9900;\">(Aktiver Umweltschutz von Kindern f\u00fcr Kinder)<\/span><\/span><\/p>\n<p><a href=\"http:\/\/www.sammeldrache.de\"><span style=\"color: #33cccc;\"><span style=\"color: #99cc00;\">www.sammeldrache.de<\/span><\/span><\/a> <span style=\"color: #ff9900;\">(Recycling von Druckerpatronen, etc.)<\/span><\/p>\n","protected":false},"excerpt":{"rendered":"<p>\u00a0NEU: Podcast: Mit dem Verkehrskasper lernen und lachen www.antolin.de (Lesespa\u00df mit dem Raben) NEU: www.youtube.com\/albaberlin (Genaue Info: Sportangebot-f\u00fcr-zu-Hause) NEU: Der Kanal mit dem Fisch (Mathe\u00fcbungen z. Zt. von Klasse 1 bis 3, bald auch Klasse 4)\u00a0 NEU: Anton APP (Lern-App f\u00fcr verschiedene F\u00e4cher f\u00fcr Smartphones, Tabletts oder auch am Computer) www.hamsterkiste.de (Wissenswertes \u00fcber Tiere und [&hellip;]<\/p>\n","protected":false},"author":1,"featured_media":0,"parent":0,"menu_order":2,"comment_status":"closed","ping_status":"closed","template":"","meta":{"footnotes":""},"class_list":["post-275","page","type-page","status-publish","hentry"],"_links":{"self":[{"href":"http:\/\/ggs-sunderplatz.de\/index.php?rest_route=\/wp\/v2\/pages\/275","targetHints":{"allow":["GET"]}}],"collection":[{"href":"http:\/\/ggs-sunderplatz.de\/index.php?rest_route=\/wp\/v2\/pages"}],"about":[{"href":"http:\/\/ggs-sunderplatz.de\/index.php?rest_route=\/wp\/v2\/types\/page"}],"author":[{"embeddable":true,"href":"http:\/\/ggs-sunderplatz.de\/index.php?rest_route=\/wp\/v2\/users\/1"}],"replies":[{"embeddable":true,"href":"http:\/\/ggs-sunderplatz.de\/index.php?rest_route=%2Fwp%2Fv2%2Fcomments&post=275"}],"version-history":[{"count":20,"href":"http:\/\/ggs-sunderplatz.de\/index.php?rest_route=\/wp\/v2\/pages\/275\/revisions"}],"predecessor-version":[{"id":6704,"href":"http:\/\/ggs-sunderplatz.de\/index.php?rest_route=\/wp\/v2\/pages\/275\/revisions\/6704"}],"wp:attachment":[{"href":"http:\/\/ggs-sunderplatz.de\/index.php?rest_route=%2Fwp%2Fv2%2Fmedia&parent=275"}],"curies":[{"name":"wp","href":"https:\/\/api.w.org\/{rel}","templated":true}]}}